CRAN Package Check Results for Package tip

Last updated on 2024-06-13 10:49:13 CEST.

Flavor Version Tinstall Tcheck Ttotal Status Flags
r-devel-linux-x86_64-debian-clang 0.1.0 9.02 178.60 187.62 NOTE
r-devel-linux-x86_64-debian-gcc 0.1.0 0.41 1.73 2.14 ERROR
r-devel-linux-x86_64-fedora-clang 0.1.0 229.45 NOTE
r-devel-linux-x86_64-fedora-gcc 0.1.0 291.62 NOTE
r-devel-windows-x86_64 0.1.0 8.00 138.00 146.00 NOTE
r-patched-linux-x86_64 0.1.0 6.07 172.41 178.48 NOTE
r-release-linux-x86_64 0.1.0 7.95 114.36 122.31 NOTE
r-release-macos-arm64 0.1.0 81.00 NOTE
r-release-macos-x86_64 0.1.0 139.00 NOTE
r-release-windows-x86_64 0.1.0 8.00 148.00 156.00 NOTE
r-oldrel-macos-arm64 0.1.0 89.00 OK
r-oldrel-macos-x86_64 0.1.0 139.00 OK
r-oldrel-windows-x86_64 0.1.0 9.00 175.00 184.00 OK

Check Details

Version: 0.1.0
Check: Rd files
Result: NOTE checkRd: (-1) partition_undirected_graph.Rd:20: Lost braces; missing escapes or markup? 20 | \item{cutoff}{Numeric. The value max(0, g_{i,j} - cutoff) so that there are <\code{.num_components}> components in the graph.} | ^ Flavors: r-devel-linux-x86_64-debian-clang, r-devel-linux-x86_64-fedora-clang, r-devel-linux-x86_64-fedora-gcc, r-devel-windows-x86_64, r-patched-linux-x86_64, r-release-linux-x86_64, r-release-macos-arm64, r-release-macos-x86_64, r-release-windows-x86_64

Version: 0.1.0
Check: package dependencies
Result: ERROR Packages required but not available: 'igraph', 'network', 'ggplot2', 'GGally' Packages suggested but not available for checking: 'sna', 'testthat' See section ‘The DESCRIPTION file’ in the ‘Writing R Extensions’ manual. Flavor: r-devel-linux-x86_64-debian-gcc