CRAN Package Check Results for Package tinyspotifyr

Last updated on 2024-04-18 12:53:05 CEST.

Flavor Version Tinstall Tcheck Ttotal Status Flags
r-devel-linux-x86_64-debian-clang 0.2.2 3.74 36.06 39.80 NOTE
r-devel-linux-x86_64-debian-gcc 0.2.2 2.84 27.25 30.09 NOTE
r-devel-linux-x86_64-fedora-clang 0.2.2 50.44 NOTE
r-devel-linux-x86_64-fedora-gcc 0.2.2 48.08 NOTE
r-prerel-macos-arm64 0.2.2 18.00 NOTE
r-prerel-windows-x86_64 0.2.2 5.00 56.00 61.00 NOTE
r-patched-linux-x86_64 0.2.2 5.57 34.60 40.17 NOTE
r-release-linux-x86_64 0.2.2 3.55 34.38 37.93 NOTE
r-release-macos-arm64 0.2.2 22.00 NOTE
r-release-macos-x86_64 0.2.2 26.00 NOTE
r-release-windows-x86_64 0.2.2 6.00 57.00 63.00 NOTE
r-oldrel-macos-arm64 0.2.2 21.00 NOTE
r-oldrel-windows-x86_64 0.2.2 8.00 51.00 59.00 NOTE

Check Details

Version: 0.2.2
Check: LazyData
Result: NOTE 'LazyData' is specified without a 'data' directory Flavors: r-devel-linux-x86_64-debian-clang, r-devel-linux-x86_64-debian-gcc, r-devel-linux-x86_64-fedora-clang, r-devel-linux-x86_64-fedora-gcc, r-prerel-macos-arm64, r-prerel-windows-x86_64, r-patched-linux-x86_64, r-release-linux-x86_64, r-release-macos-arm64, r-release-macos-x86_64, r-release-windows-x86_64, r-oldrel-macos-arm64, r-oldrel-windows-x86_64