CRAN Package Check Results for Package tinyarray

Last updated on 2022-07-04 12:54:23 CEST.

Flavor Version Tinstall Tcheck Ttotal Status Flags
r-devel-linux-x86_64-debian-clang 2.2.7 39.35 346.17 385.52 OK
r-devel-linux-x86_64-debian-gcc 2.2.7 34.08 265.93 300.01 OK
r-devel-linux-x86_64-fedora-clang 2.2.7 500.39 NOTE
r-devel-linux-x86_64-fedora-gcc 2.2.7 473.14 NOTE
r-devel-windows-x86_64 2.2.7 58.00 372.00 430.00 OK
r-patched-linux-x86_64 2.2.7 37.68 330.17 367.85 OK
r-release-linux-x86_64 2.2.7 35.24 332.64 367.88 OK
r-release-macos-arm64 2.2.7 122.00 NOTE
r-release-macos-x86_64 2.2.7 206.00 NOTE
r-release-windows-x86_64 2.2.7 56.00 384.00 440.00 OK
r-oldrel-macos-arm64 2.2.7 90.00 NOTE
r-oldrel-macos-x86_64 2.2.7 151.00 NOTE
r-oldrel-windows-ix86+x86_64 2.2.7 86.00 381.00 467.00 OK

Check Details

Version: 2.2.7
Check: data for non-ASCII characters
Result: NOTE
     Note: found 2 marked UTF-8 strings
Flavors: r-devel-linux-x86_64-fedora-clang, r-devel-linux-x86_64-fedora-gcc, r-release-macos-arm64, r-release-macos-x86_64, r-oldrel-macos-arm64, r-oldrel-macos-x86_64