CRAN Package Check Results for Package timevis

Last updated on 2022-06-26 11:52:46 CEST.

Flavor Version Tinstall Tcheck Ttotal Status Flags
r-devel-linux-x86_64-debian-clang 2.0.0 3.35 47.29 50.64 OK
r-devel-linux-x86_64-debian-gcc 2.0.0 3.12 37.14 40.26 OK
r-devel-linux-x86_64-fedora-clang 2.0.0 73.97 NOTE
r-devel-linux-x86_64-fedora-gcc 2.0.0 71.78 NOTE
r-devel-windows-x86_64 2.0.0 32.00 101.00 133.00 OK
r-patched-linux-x86_64 2.0.0 3.39 46.81 50.20 OK
r-release-linux-x86_64 2.0.0 3.84 45.75 49.59 OK
r-release-macos-arm64 2.0.0 26.00 NOTE
r-release-macos-x86_64 2.0.0 48.00 NOTE
r-release-windows-x86_64 2.0.0 28.00 109.00 137.00 OK
r-oldrel-macos-arm64 2.0.0 27.00 NOTE
r-oldrel-macos-x86_64 2.0.0 38.00 NOTE
r-oldrel-windows-ix86+x86_64 2.0.0 12.00 75.00 87.00 OK

Check Details

Version: 2.0.0
Check: dependencies in R code
Result: NOTE
    Namespace in Imports field not imported from: ‘lubridate’
     All declared Imports should be used.
Flavors: r-devel-linux-x86_64-fedora-clang, r-devel-linux-x86_64-fedora-gcc, r-release-macos-arm64, r-release-macos-x86_64, r-oldrel-macos-arm64, r-oldrel-macos-x86_64