CRAN Package Check Results for Package timevarcorr

Last updated on 2024-04-19 11:57:04 CEST.

Flavor Version Tinstall Tcheck Ttotal Status Flags
r-devel-linux-x86_64-debian-clang 0.1.1 3.10 72.47 75.57 OK
r-devel-linux-x86_64-debian-gcc 0.1.1 OK
r-devel-linux-x86_64-fedora-clang 0.1.1 90.73 NOTE
r-devel-linux-x86_64-fedora-gcc 0.1.1 87.26 OK
r-prerel-macos-arm64 0.1.1 32.00 OK
r-prerel-windows-x86_64 0.1.1 3.00 74.00 77.00 OK
r-patched-linux-x86_64 0.1.1 3.24 67.71 70.95 OK
r-release-linux-x86_64 0.1.1 3.00 68.04 71.04 OK
r-release-macos-arm64 0.1.1 31.00 OK
r-release-macos-x86_64 0.1.1 79.00 OK
r-release-windows-x86_64 0.1.1 3.00 84.00 87.00 OK
r-oldrel-macos-arm64 0.1.1 34.00 OK
r-oldrel-windows-x86_64 0.1.1 5.00 83.00 88.00 OK

Check Details

Version: 0.1.1
Check: Rd cross-references
Result: NOTE Undeclared package ‘pkgdown’ in Rd xrefs Flavor: r-devel-linux-x86_64-fedora-clang