CRAN Package Check Results for Package timetk

Last updated on 2022-07-02 12:53:16 CEST.

Flavor Version Tinstall Tcheck Ttotal Status Flags
r-devel-linux-x86_64-debian-clang 2.8.1 26.13 385.12 411.25 OK
r-devel-linux-x86_64-debian-gcc 2.8.1 17.03 288.58 305.61 OK
r-devel-linux-x86_64-fedora-clang 2.8.1 365.21 NOTE
r-devel-linux-x86_64-fedora-gcc 2.8.1 464.59 NOTE
r-devel-windows-x86_64 2.8.1 127.00 435.00 562.00 OK
r-patched-linux-x86_64 2.8.1 28.81 375.15 403.96 OK
r-release-linux-x86_64 2.8.1 16.48 372.46 388.94 OK
r-release-macos-arm64 2.8.1 134.00 NOTE
r-release-macos-x86_64 2.8.1 178.00 NOTE
r-release-windows-x86_64 2.8.1 95.00 434.00 529.00 OK
r-oldrel-macos-arm64 2.8.1 132.00 NOTE
r-oldrel-macos-x86_64 2.8.1 174.00 NOTE
r-oldrel-windows-ix86+x86_64 2.8.1 49.00 446.00 495.00 OK

Check Details

Version: 2.8.1
Check: package dependencies
Result: NOTE
    Imports includes 26 non-default packages.
    Importing from so many packages makes the package vulnerable to any of
    them becoming unavailable. Move as many as possible to Suggests and
    use conditionally.
Flavor: r-devel-linux-x86_64-fedora-clang

Version: 2.8.1
Check: data for non-ASCII characters
Result: NOTE
     Note: found 2750 marked UTF-8 strings
Flavors: r-devel-linux-x86_64-fedora-clang, r-devel-linux-x86_64-fedora-gcc, r-release-macos-arm64, r-release-macos-x86_64, r-oldrel-macos-arm64, r-oldrel-macos-x86_64