CRAN Package Check Results for Package timeSeq

Last updated on 2024-04-15 11:56:40 CEST.

Flavor Version Tinstall Tcheck Ttotal Status Flags
r-devel-linux-x86_64-debian-clang 1.0.4 10.28 96.15 106.43 NOTE
r-devel-linux-x86_64-debian-gcc 1.0.4 7.81 72.00 79.81 NOTE
r-devel-linux-x86_64-fedora-clang 1.0.4 137.41 NOTE
r-devel-linux-x86_64-fedora-gcc 1.0.4 140.55 NOTE
r-prerel-macos-arm64 1.0.4 48.00 NOTE
r-prerel-windows-x86_64 1.0.4 9.00 85.00 94.00 NOTE
r-patched-linux-x86_64 1.0.4 6.66 91.79 98.45 NOTE
r-release-linux-x86_64 1.0.4 9.42 91.30 100.72 OK
r-release-macos-arm64 1.0.4 48.00 OK
r-release-macos-x86_64 1.0.4 74.00 OK
r-release-windows-x86_64 1.0.4 12.00 101.00 113.00 OK
r-oldrel-macos-arm64 1.0.4 36.00 OK
r-oldrel-windows-x86_64 1.0.4 11.00 100.00 111.00 OK

Check Details

Version: 1.0.4
Check: Rd metadata
Result: NOTE Invalid package aliases in Rd file 'timeSeq_1.0.4-package.Rd': ‘timeSeq_1.0.4-package’ Flavors: r-devel-linux-x86_64-debian-clang, r-devel-linux-x86_64-debian-gcc, r-devel-linux-x86_64-fedora-clang, r-devel-linux-x86_64-fedora-gcc, r-prerel-macos-arm64, r-prerel-windows-x86_64, r-patched-linux-x86_64