Last updated on 2022-07-02 12:53:16 CEST.
Flavor | Version | Tinstall | Tcheck | Ttotal | Status | Flags |
---|---|---|---|---|---|---|
r-devel-linux-x86_64-debian-clang | 0.4 | 9.97 | 96.56 | 106.53 | NOTE | |
r-devel-linux-x86_64-debian-gcc | 0.4 | 9.53 | 72.54 | 82.07 | NOTE | |
r-devel-linux-x86_64-fedora-clang | 0.4 | 134.83 | NOTE | |||
r-devel-linux-x86_64-fedora-gcc | 0.4 | 136.19 | NOTE | |||
r-devel-windows-x86_64 | 0.4 | 28.00 | 117.00 | 145.00 | NOTE | |
r-patched-linux-x86_64 | 0.4 | 10.60 | 91.52 | 102.12 | OK | |
r-release-linux-x86_64 | 0.4 | 10.39 | 90.48 | 100.87 | OK | |
r-release-macos-arm64 | 0.4 | 37.00 | OK | |||
r-release-macos-x86_64 | 0.4 | 65.00 | OK | |||
r-release-windows-x86_64 | 0.4 | 15.00 | 124.00 | 139.00 | OK | |
r-oldrel-macos-arm64 | 0.4 | 44.00 | OK | |||
r-oldrel-macos-x86_64 | 0.4 | 75.00 | OK | |||
r-oldrel-windows-ix86+x86_64 | 0.4 | 25.00 | 114.00 | 139.00 | OK |
Version: 0.4
Check: Rd files
Result: NOTE
checkRd: (-1) compare.Rd:46: Escaped LaTeX specials: \&
Flavors: r-devel-linux-x86_64-debian-clang, r-devel-linux-x86_64-debian-gcc, r-devel-linux-x86_64-fedora-clang, r-devel-linux-x86_64-fedora-gcc, r-devel-windows-x86_64