Last updated on 2024-04-19 11:57:04 CEST.
Flavor | Version | Tinstall | Tcheck | Ttotal | Status | Flags |
---|---|---|---|---|---|---|
r-devel-linux-x86_64-debian-clang | 0.4 | 9.57 | 100.27 | 109.84 | NOTE | |
r-devel-linux-x86_64-debian-gcc | 0.4 | NOTE | ||||
r-devel-linux-x86_64-fedora-clang | 0.4 | 142.46 | NOTE | |||
r-devel-linux-x86_64-fedora-gcc | 0.4 | 134.20 | NOTE | |||
r-prerel-macos-arm64 | 0.4 | 43.00 | NOTE | |||
r-prerel-windows-x86_64 | 0.4 | 11.00 | 90.00 | 101.00 | NOTE | |
r-patched-linux-x86_64 | 0.4 | 7.37 | 95.62 | 102.99 | NOTE | |
r-release-linux-x86_64 | 0.4 | 10.18 | 97.30 | 107.48 | NOTE | |
r-release-macos-arm64 | 0.4 | 49.00 | NOTE | |||
r-release-macos-x86_64 | 0.4 | 72.00 | NOTE | |||
r-release-windows-x86_64 | 0.4 | 15.00 | 108.00 | 123.00 | NOTE | |
r-oldrel-macos-arm64 | 0.4 | 37.00 | OK | |||
r-oldrel-windows-x86_64 | 0.4 | 14.00 | 110.00 | 124.00 | OK |
Version: 0.4
Check: Rd files
Result: NOTE
checkRd: (-1) compare.Rd:46: Escaped LaTeX specials: \&
Flavors: r-devel-linux-x86_64-debian-clang, r-devel-linux-x86_64-debian-gcc, r-devel-linux-x86_64-fedora-clang, r-devel-linux-x86_64-fedora-gcc, r-prerel-macos-arm64, r-prerel-windows-x86_64, r-patched-linux-x86_64, r-release-linux-x86_64, r-release-macos-arm64, r-release-macos-x86_64, r-release-windows-x86_64