Last updated on 2024-04-18 12:53:05 CEST.
Flavor | Version | Tinstall | Tcheck | Ttotal | Status | Flags |
---|---|---|---|---|---|---|
r-devel-linux-x86_64-debian-clang | 1.2.0 | 2.69 | 28.28 | 30.97 | NOTE | |
r-devel-linux-x86_64-debian-gcc | 1.2.0 | 2.41 | 21.67 | 24.08 | NOTE | |
r-devel-linux-x86_64-fedora-clang | 1.2.0 | 42.67 | NOTE | |||
r-devel-linux-x86_64-fedora-gcc | 1.2.0 | 50.85 | NOTE | |||
r-prerel-macos-arm64 | 1.2.0 | 26.00 | NOTE | |||
r-prerel-windows-x86_64 | 1.2.0 | 4.00 | 49.00 | 53.00 | NOTE | |
r-patched-linux-x86_64 | 1.2.0 | 2.92 | 27.17 | 30.09 | NOTE | |
r-release-linux-x86_64 | 1.2.0 | 2.29 | 26.11 | 28.40 | NOTE | |
r-release-macos-arm64 | 1.2.0 | 28.00 | NOTE | |||
r-release-macos-x86_64 | 1.2.0 | 36.00 | NOTE | |||
r-release-windows-x86_64 | 1.2.0 | 5.00 | 48.00 | 53.00 | NOTE | |
r-oldrel-macos-arm64 | 1.2.0 | 23.00 | NOTE | |||
r-oldrel-windows-x86_64 | 1.2.0 | 4.00 | 53.00 | 57.00 | NOTE |
Version: 1.2.0
Check: package subdirectories
Result: NOTE
Problems with news in ‘NEWS.md’:
No news entries found.
Flavors: r-devel-linux-x86_64-debian-clang, r-devel-linux-x86_64-debian-gcc, r-devel-linux-x86_64-fedora-clang, r-devel-linux-x86_64-fedora-gcc, r-prerel-macos-arm64, r-prerel-windows-x86_64, r-patched-linux-x86_64, r-release-linux-x86_64, r-release-macos-arm64, r-release-macos-x86_64, r-release-windows-x86_64
Version: 1.2.0
Check: LazyData
Result: NOTE
'LazyData' is specified without a 'data' directory
Flavors: r-devel-linux-x86_64-debian-clang, r-devel-linux-x86_64-debian-gcc, r-devel-linux-x86_64-fedora-clang, r-devel-linux-x86_64-fedora-gcc, r-prerel-macos-arm64, r-prerel-windows-x86_64, r-patched-linux-x86_64, r-release-linux-x86_64, r-release-macos-arm64, r-release-macos-x86_64, r-release-windows-x86_64, r-oldrel-macos-arm64, r-oldrel-windows-x86_64
Version: 1.2.0
Check: dependencies in R code
Result: NOTE
Namespace in Imports field not imported from: ‘lubridate’
All declared Imports should be used.
Flavors: r-devel-linux-x86_64-fedora-clang, r-devel-linux-x86_64-fedora-gcc, r-oldrel-macos-arm64