CRAN Package Check Results for Package time.slots

Last updated on 2024-07-20 11:49:23 CEST.

Flavor Version Tinstall Tcheck Ttotal Status Flags
r-devel-linux-x86_64-debian-clang 0.2.0 5.52 47.76 53.28 OK
r-devel-linux-x86_64-debian-gcc 0.2.0 4.29 35.07 39.36 OK
r-devel-linux-x86_64-fedora-clang 0.2.0 66.86 OK
r-devel-linux-x86_64-fedora-gcc 0.2.0 61.34 OK
r-devel-windows-x86_64 0.2.0 7.00 55.00 62.00 NOTE
r-patched-linux-x86_64 0.2.0 9.89 45.32 55.21 OK
r-release-linux-x86_64 0.2.0 4.66 45.24 49.90 OK
r-release-macos-arm64 0.2.0 24.00 OK
r-release-macos-x86_64 0.2.0 34.00 OK
r-release-windows-x86_64 0.2.0 6.00 56.00 62.00 OK
r-oldrel-macos-arm64 0.2.0 26.00 OK
r-oldrel-macos-x86_64 0.2.0 33.00 OK
r-oldrel-windows-x86_64 0.2.0 8.00 61.00 69.00 OK

Check Details

Version: 0.2.0
Check: Rd cross-references
Result: NOTE Found the following Rd file(s) with Rd \link{} targets missing package anchors: geom_weekly_timeslots.Rd: layer Please provide package anchors for all Rd \link{} targets not in the package itself and the base packages. Flavor: r-devel-windows-x86_64