CRAN Package Check Results for Package time.slots

Last updated on 2025-02-01 12:48:41 CET.

Flavor Version Tinstall Tcheck Ttotal Status Flags
r-devel-linux-x86_64-debian-clang 0.2.0 4.90 37.22 42.12 NOTE
r-devel-linux-x86_64-debian-gcc 0.2.0 3.52 28.18 31.70 NOTE
r-devel-linux-x86_64-fedora-clang 0.2.0 69.16 NOTE
r-devel-linux-x86_64-fedora-gcc 0.2.0 67.38 NOTE
r-devel-windows-x86_64 0.2.0 8.00 56.00 64.00 NOTE
r-patched-linux-x86_64 0.2.0 8.61 34.83 43.44 OK
r-release-linux-x86_64 0.2.0 4.15 34.78 38.93 OK
r-release-macos-arm64 0.2.0 24.00 OK
r-release-macos-x86_64 0.2.0 34.00 OK
r-release-windows-x86_64 0.2.0 6.00 54.00 60.00 OK
r-oldrel-macos-arm64 0.2.0 26.00 OK
r-oldrel-macos-x86_64 0.2.0 33.00 OK
r-oldrel-windows-x86_64 0.2.0 7.00 63.00 70.00 OK

Check Details

Version: 0.2.0
Check: DESCRIPTION meta-information
Result: NOTE Missing dependency on R >= 4.1.0 because package code uses the pipe |> or function shorthand \(...) syntax added in R 4.1.0. File(s) using such syntax: ‘geom_weekly_timeslots.R’ Flavors: r-devel-linux-x86_64-debian-clang, r-devel-linux-x86_64-debian-gcc, r-devel-linux-x86_64-fedora-clang, r-devel-linux-x86_64-fedora-gcc, r-devel-windows-x86_64

Version: 0.2.0
Check: Rd cross-references
Result: NOTE Found the following Rd file(s) with Rd \link{} targets missing package anchors: geom_weekly_timeslots.Rd: layer Please provide package anchors for all Rd \link{} targets not in the package itself and the base packages. Flavors: r-devel-linux-x86_64-debian-clang, r-devel-linux-x86_64-debian-gcc, r-devel-windows-x86_64