Last updated on 2022-06-30 11:53:21 CEST.
Flavor | Version | Tinstall | Tcheck | Ttotal | Status | Flags |
---|---|---|---|---|---|---|
r-devel-linux-x86_64-debian-clang | 0.2.0 | 2.96 | 184.43 | 187.39 | OK | |
r-devel-linux-x86_64-debian-gcc | 0.2.0 | 2.61 | 144.45 | 147.06 | OK | |
r-devel-linux-x86_64-fedora-clang | 0.2.0 | 228.67 | NOTE | |||
r-devel-linux-x86_64-fedora-gcc | 0.2.0 | 236.42 | NOTE | |||
r-devel-windows-x86_64 | 0.2.0 | 18.00 | 215.00 | 233.00 | OK | |
r-patched-linux-x86_64 | 0.2.0 | 3.16 | 183.63 | 186.79 | OK | |
r-release-linux-x86_64 | 0.2.0 | 2.79 | 171.29 | 174.08 | OK | |
r-release-macos-arm64 | 0.2.0 | 61.00 | NOTE | |||
r-release-macos-x86_64 | 0.2.0 | 109.00 | NOTE | |||
r-release-windows-x86_64 | 0.2.0 | 21.00 | 224.00 | 245.00 | OK | |
r-oldrel-macos-arm64 | 0.2.0 | 75.00 | NOTE | |||
r-oldrel-macos-x86_64 | 0.2.0 | 72.00 | NOTE | |||
r-oldrel-windows-ix86+x86_64 | 0.2.0 | 7.00 | 255.00 | 262.00 | OK |
Version: 0.2.0
Check: dependencies in R code
Result: NOTE
Namespace in Imports field not imported from: ‘lwgeom’
All declared Imports should be used.
Flavors: r-devel-linux-x86_64-fedora-clang, r-devel-linux-x86_64-fedora-gcc, r-release-macos-arm64, r-release-macos-x86_64, r-oldrel-macos-arm64, r-oldrel-macos-x86_64