Last updated on 2025-02-01 12:48:41 CET.
Flavor | Version | Tinstall | Tcheck | Ttotal | Status | Flags |
---|---|---|---|---|---|---|
r-devel-linux-x86_64-debian-clang | 0.2.0 | 2.74 | 108.64 | 111.38 | OK | |
r-devel-linux-x86_64-debian-gcc | 0.2.0 | 1.85 | 67.34 | 69.19 | OK | |
r-devel-linux-x86_64-fedora-clang | 0.2.0 | 189.35 | NOTE | |||
r-devel-linux-x86_64-fedora-gcc | 0.2.0 | 181.36 | NOTE | |||
r-devel-windows-x86_64 | 0.2.0 | 5.00 | 112.00 | 117.00 | OK | |
r-patched-linux-x86_64 | 0.2.0 | 2.79 | 99.41 | 102.20 | OK | |
r-release-linux-x86_64 | 0.2.0 | 2.59 | 96.74 | 99.33 | OK | |
r-release-macos-arm64 | 0.2.0 | 50.00 | OK | |||
r-release-macos-x86_64 | 0.2.0 | 81.00 | OK | |||
r-release-windows-x86_64 | 0.2.0 | 5.00 | 109.00 | 114.00 | OK | |
r-oldrel-macos-arm64 | 0.2.0 | 56.00 | OK | |||
r-oldrel-macos-x86_64 | 0.2.0 | 88.00 | OK | |||
r-oldrel-windows-x86_64 | 0.2.0 | 6.00 | 146.00 | 152.00 | OK |
Version: 0.2.0
Check: dependencies in R code
Result: NOTE
Namespace in Imports field not imported from: ‘lwgeom’
All declared Imports should be used.
Flavors: r-devel-linux-x86_64-fedora-clang, r-devel-linux-x86_64-fedora-gcc