CRAN Package Check Results for Package tigger

Last updated on 2025-04-17 09:49:27 CEST.

Flavor Version Tinstall Tcheck Ttotal Status Flags
r-devel-linux-x86_64-debian-clang 1.1.0 48.26 457.18 505.44 OK
r-devel-linux-x86_64-debian-gcc 1.1.0 35.49 338.42 373.91 OK
r-devel-linux-x86_64-fedora-clang 1.1.0 785.97 OK
r-devel-linux-x86_64-fedora-gcc 1.1.0 831.61 OK
r-devel-windows-x86_64 1.1.0 45.00 429.00 474.00 OK
r-patched-linux-x86_64 1.1.0 46.87 442.08 488.95 OK
r-release-linux-x86_64 1.1.0 43.60 439.59 483.19 OK
r-release-macos-arm64 1.1.0 220.00 OK
r-release-macos-x86_64 1.1.0 433.00 OK
r-release-windows-x86_64 1.1.0 44.00 432.00 476.00 OK
r-oldrel-macos-arm64 1.1.0 211.00 NOTE
r-oldrel-macos-x86_64 1.1.0 299.00 OK
r-oldrel-windows-x86_64 1.1.0 61.00 542.00 603.00 OK

Check Details

Version: 1.1.0
Check: installed package size
Result: NOTE installed size is 5.1Mb sub-directories of 1Mb or more: data 4.5Mb Flavor: r-oldrel-macos-arm64