Last updated on 2025-05-12 13:50:31 CEST.
Flavor | Version | Tinstall | Tcheck | Ttotal | Status | Flags |
---|---|---|---|---|---|---|
r-devel-linux-x86_64-debian-clang | 1.0.10 | 101.46 | 53.59 | 155.05 | OK | |
r-devel-linux-x86_64-debian-gcc | 1.0.10 | 73.76 | 40.34 | 114.10 | OK | |
r-devel-linux-x86_64-fedora-clang | 1.0.10 | 294.30 | OK | |||
r-devel-linux-x86_64-fedora-gcc | 1.0.10 | 330.42 | OK | |||
r-devel-windows-x86_64 | 1.0.10 | 128.00 | 100.00 | 228.00 | OK | |
r-patched-linux-x86_64 | 1.0.10 | 106.07 | 50.15 | 156.22 | OK | |
r-release-linux-x86_64 | 1.0.10 | 102.83 | 49.14 | 151.97 | OK | |
r-release-macos-arm64 | 1.0.10 | 86.00 | OK | |||
r-release-macos-x86_64 | 1.0.10 | 134.00 | OK | |||
r-release-windows-x86_64 | 1.0.10 | 130.00 | 97.00 | 227.00 | OK | |
r-oldrel-macos-arm64 | 1.0.10 | 80.00 | NOTE | |||
r-oldrel-macos-x86_64 | 1.0.10 | 84.00 | NOTE | |||
r-oldrel-windows-x86_64 | 1.0.10 | 150.00 | 114.00 | 264.00 | OK |
Version: 1.0.10
Check: installed package size
Result: NOTE
installed size is 9.6Mb
sub-directories of 1Mb or more:
libs 8.6Mb
Flavors: r-oldrel-macos-arm64, r-oldrel-macos-x86_64