Last updated on 2024-03-28 09:51:59 CET.
Flavor | Version | Tinstall | Tcheck | Ttotal | Status | Flags |
---|---|---|---|---|---|---|
r-devel-linux-x86_64-debian-clang | 1.0.10 | 202.92 | 64.24 | 267.16 | OK | |
r-devel-linux-x86_64-debian-gcc | 1.0.10 | 156.96 | 49.25 | 206.21 | OK | |
r-devel-linux-x86_64-fedora-clang | 1.0.10 | 411.56 | OK | |||
r-devel-linux-x86_64-fedora-gcc | 1.0.10 | 407.50 | OK | |||
r-devel-windows-x86_64 | 1.0.10 | 164.00 | 96.00 | 260.00 | OK | |
r-patched-linux-x86_64 | 1.0.10 | 208.22 | 61.89 | 270.11 | OK | |
r-release-linux-x86_64 | 1.0.10 | 216.40 | 60.11 | 276.51 | OK | |
r-release-macos-arm64 | 1.0.10 | 114.00 | NOTE | |||
r-release-macos-x86_64 | 1.0.10 | 160.00 | NOTE | |||
r-release-windows-x86_64 | 1.0.10 | 198.00 | 111.00 | 309.00 | OK | |
r-oldrel-macos-arm64 | 1.0.10 | 95.00 | NOTE | |||
r-oldrel-windows-x86_64 | 1.0.10 | 186.00 | 107.00 | 293.00 | OK |
Version: 1.0.10
Check: installed package size
Result: NOTE
installed size is 9.6Mb
sub-directories of 1Mb or more:
libs 8.6Mb
Flavors: r-release-macos-arm64, r-release-macos-x86_64, r-oldrel-macos-arm64