CRAN Package Check Results for Package tidystopwords

Last updated on 2022-07-06 12:53:48 CEST.

Flavor Version Tinstall Tcheck Ttotal Status Flags
r-devel-linux-x86_64-debian-clang 0.9.1 4.29 52.66 56.95 OK
r-devel-linux-x86_64-debian-gcc 0.9.1 3.92 39.98 43.90 OK
r-devel-linux-x86_64-fedora-clang 0.9.1 78.16 NOTE
r-devel-linux-x86_64-fedora-gcc 0.9.1 77.01 NOTE
r-devel-windows-x86_64 0.9.1 24.00 80.00 104.00 OK
r-patched-linux-x86_64 0.9.1 5.15 49.39 54.54 OK
r-release-linux-x86_64 0.9.1 3.96 49.16 53.12 OK
r-release-macos-arm64 0.9.1 22.00 NOTE
r-release-macos-x86_64 0.9.1 43.00 NOTE
r-release-windows-x86_64 0.9.1 12.00 84.00 96.00 OK
r-oldrel-macos-arm64 0.9.1 22.00 NOTE
r-oldrel-macos-x86_64 0.9.1 35.00 NOTE
r-oldrel-windows-ix86+x86_64 0.9.1 13.00 77.00 90.00 OK

Check Details

Version: 0.9.1
Check: data for non-ASCII characters
Result: NOTE
     Note: found 34206 marked UTF-8 strings
Flavors: r-devel-linux-x86_64-fedora-clang, r-devel-linux-x86_64-fedora-gcc, r-release-macos-arm64, r-release-macos-x86_64, r-oldrel-macos-arm64, r-oldrel-macos-x86_64