CRAN Package Check Results for Package tidystats

Last updated on 2022-06-25 10:53:17 CEST.

Flavor Version Tinstall Tcheck Ttotal Status Flags
r-devel-linux-x86_64-debian-clang 0.5.1 7.21 87.79 95.00 OK
r-devel-linux-x86_64-debian-gcc 0.5.1 5.62 63.42 69.04 OK
r-devel-linux-x86_64-fedora-clang 0.5.1 119.87 NOTE
r-devel-linux-x86_64-fedora-gcc 0.5.1 117.68 NOTE
r-devel-windows-x86_64 0.5.1 34.00 114.00 148.00 OK
r-patched-linux-x86_64 0.5.1 5.03 81.62 86.65 OK
r-release-linux-x86_64 0.5.1 4.96 82.11 87.07 OK
r-release-macos-arm64 0.5.1 36.00 NOTE
r-release-macos-x86_64 0.5.1 60.00 NOTE
r-release-windows-x86_64 0.5.1 49.00 115.00 164.00 OK
r-oldrel-macos-arm64 0.5.1 32.00 NOTE
r-oldrel-macos-x86_64 0.5.1 52.00 NOTE
r-oldrel-windows-ix86+x86_64 0.5.1 17.00 109.00 126.00 OK

Check Details

Version: 0.5.1
Check: data for non-ASCII characters
Result: NOTE
     Note: found 113 marked UTF-8 strings
Flavors: r-devel-linux-x86_64-fedora-clang, r-devel-linux-x86_64-fedora-gcc, r-release-macos-arm64, r-release-macos-x86_64, r-oldrel-macos-arm64, r-oldrel-macos-x86_64