Last updated on 2024-03-28 09:51:59 CET.
Flavor | Version | Tinstall | Tcheck | Ttotal | Status | Flags |
---|---|---|---|---|---|---|
r-devel-linux-x86_64-debian-clang | 0.6.0 | 5.44 | 83.16 | 88.60 | OK | |
r-devel-linux-x86_64-debian-gcc | 0.6.0 | 5.11 | 62.48 | 67.59 | OK | |
r-devel-linux-x86_64-fedora-clang | 0.6.0 | 118.14 | NOTE | |||
r-devel-linux-x86_64-fedora-gcc | 0.6.0 | 129.25 | NOTE | |||
r-devel-windows-x86_64 | 0.6.0 | 6.00 | 83.00 | 89.00 | OK | |
r-patched-linux-x86_64 | 0.6.0 | 4.82 | 80.33 | 85.15 | OK | |
r-release-linux-x86_64 | 0.6.0 | 3.74 | 81.79 | 85.53 | OK | |
r-release-macos-arm64 | 0.6.0 | 51.00 | OK | |||
r-release-macos-x86_64 | 0.6.0 | 80.00 | OK | |||
r-release-windows-x86_64 | 0.6.0 | 9.00 | 95.00 | 104.00 | OK | |
r-oldrel-macos-arm64 | 0.6.0 | 40.00 | OK | |||
r-oldrel-windows-x86_64 | 0.6.0 | 10.00 | 99.00 | 109.00 | OK |
Version: 0.6.0
Check: Rd cross-references
Result: NOTE
Undeclared package ‘datawizard’ in Rd xrefs
Flavor: r-devel-linux-x86_64-fedora-clang
Version: 0.6.0
Check: data for non-ASCII characters
Result: NOTE
Note: found 113 marked UTF-8 strings
Flavors: r-devel-linux-x86_64-fedora-clang, r-devel-linux-x86_64-fedora-gcc