Last updated on 2022-05-27 12:53:28 CEST.
Flavor | Version | Tinstall | Tcheck | Ttotal | Status | Flags |
---|---|---|---|---|---|---|
r-devel-linux-x86_64-debian-clang | 1.1.3 | 603.94 | 112.52 | 716.46 | OK | |
r-devel-linux-x86_64-debian-gcc | 1.1.3 | 414.05 | 83.68 | 497.73 | OK | |
r-devel-linux-x86_64-fedora-clang | 1.1.3 | 1027.75 | NOTE | |||
r-devel-linux-x86_64-fedora-gcc | 1.1.3 | 769.44 | OK | |||
r-devel-windows-x86_64 | 1.1.3 | 342.00 | 191.00 | 533.00 | OK | |
r-patched-linux-x86_64 | 1.1.3 | 344.32 | 107.46 | 451.78 | OK | |
r-release-linux-x86_64 | 1.1.3 | 309.05 | 106.30 | 415.35 | OK | |
r-release-macos-arm64 | 1.1.3 | 240.00 | NOTE | |||
r-release-macos-x86_64 | 1.1.3 | 322.00 | NOTE | |||
r-release-windows-x86_64 | 1.1.3 | 359.00 | 181.00 | 540.00 | OK | |
r-oldrel-macos-arm64 | 1.1.3 | 192.00 | NOTE | |||
r-oldrel-macos-x86_64 | 1.1.3 | 240.00 | NOTE | |||
r-oldrel-windows-ix86+x86_64 | 1.1.3 | 407.00 | 10.00 | 417.00 | ERROR |
Version: 1.1.3
Check: installed package size
Result: NOTE
installed size is 36.9Mb
sub-directories of 1Mb or more:
libs 36.0Mb
Flavors: r-devel-linux-x86_64-fedora-clang, r-release-macos-arm64, r-release-macos-x86_64, r-oldrel-macos-arm64, r-oldrel-macos-x86_64
Version: 1.1.3
Check: whether package can be installed
Result: ERROR
Installation failed.
Flavor: r-oldrel-windows-ix86+x86_64