CRAN Package Check Results for Package tidyrules

Last updated on 2022-06-27 11:50:57 CEST.

Flavor Version Tinstall Tcheck Ttotal Status Flags
r-devel-linux-x86_64-debian-clang 0.1.5 6.61 87.93 94.54 NOTE
r-devel-linux-x86_64-debian-gcc 0.1.5 5.74 67.55 73.29 NOTE
r-devel-linux-x86_64-fedora-clang 0.1.5 123.42 NOTE
r-devel-linux-x86_64-fedora-gcc 0.1.5 121.46 NOTE
r-devel-windows-x86_64 0.1.5 31.00 126.00 157.00 NOTE
r-patched-linux-x86_64 0.1.5 5.84 85.24 91.08 NOTE
r-release-linux-x86_64 0.1.5 7.19 84.57 91.76 NOTE
r-release-macos-arm64 0.1.5 35.00 NOTE
r-release-macos-x86_64 0.1.5 52.00 NOTE
r-release-windows-x86_64 0.1.5 26.00 121.00 147.00 NOTE
r-oldrel-macos-arm64 0.1.5 46.00 NOTE
r-oldrel-macos-x86_64 0.1.5 65.00 NOTE
r-oldrel-windows-ix86+x86_64 0.1.5 14.00 110.00 124.00 NOTE

Check Details

Version: 0.1.5
Check: LazyData
Result: NOTE
     'LazyData' is specified without a 'data' directory
Flavors: r-devel-linux-x86_64-debian-clang, r-devel-linux-x86_64-debian-gcc, r-devel-linux-x86_64-fedora-clang, r-devel-linux-x86_64-fedora-gcc, r-devel-windows-x86_64, r-patched-linux-x86_64, r-release-linux-x86_64, r-release-macos-arm64, r-release-macos-x86_64, r-release-windows-x86_64, r-oldrel-macos-arm64, r-oldrel-macos-x86_64, r-oldrel-windows-ix86+x86_64