Last updated on 2024-03-28 09:51:59 CET.
Flavor | Version | Tinstall | Tcheck | Ttotal | Status | Flags |
---|---|---|---|---|---|---|
r-devel-linux-x86_64-debian-clang | 0.1.5 | 5.34 | 93.92 | 99.26 | NOTE | |
r-devel-linux-x86_64-debian-gcc | 0.1.5 | 5.44 | 70.77 | 76.21 | NOTE | |
r-devel-linux-x86_64-fedora-clang | 0.1.5 | 125.44 | NOTE | |||
r-devel-linux-x86_64-fedora-gcc | 0.1.5 | 135.50 | NOTE | |||
r-devel-windows-x86_64 | 0.1.5 | 6.00 | 93.00 | 99.00 | NOTE | |
r-patched-linux-x86_64 | 0.1.5 | 5.88 | 90.86 | 96.74 | NOTE | |
r-release-linux-x86_64 | 0.1.5 | 5.78 | 92.74 | 98.52 | NOTE | |
r-release-macos-arm64 | 0.1.5 | 48.00 | NOTE | |||
r-release-macos-x86_64 | 0.1.5 | 79.00 | NOTE | |||
r-release-windows-x86_64 | 0.1.5 | 8.00 | 108.00 | 116.00 | NOTE | |
r-oldrel-macos-arm64 | 0.1.5 | 35.00 | NOTE | |||
r-oldrel-windows-x86_64 | 0.1.5 | 9.00 | 104.00 | 113.00 | NOTE |
Version: 0.1.5
Check: LazyData
Result: NOTE
'LazyData' is specified without a 'data' directory
Flavors: r-devel-linux-x86_64-debian-clang, r-devel-linux-x86_64-debian-gcc, r-devel-linux-x86_64-fedora-clang, r-devel-linux-x86_64-fedora-gcc, r-devel-windows-x86_64, r-patched-linux-x86_64, r-release-linux-x86_64, r-release-macos-arm64, r-release-macos-x86_64, r-release-windows-x86_64, r-oldrel-macos-arm64, r-oldrel-windows-x86_64