Last updated on 2023-06-09 11:57:38 CEST.
Flavor | Version | Tinstall | Tcheck | Ttotal | Status | Flags |
---|---|---|---|---|---|---|
r-devel-linux-x86_64-debian-clang | 1.3.0 | 18.22 | 177.66 | 195.88 | NOTE | |
r-devel-linux-x86_64-debian-gcc | 1.3.0 | 16.28 | 133.59 | 149.87 | NOTE | |
r-devel-linux-x86_64-fedora-clang | 1.3.0 | 244.88 | NOTE | |||
r-devel-linux-x86_64-fedora-gcc | 1.3.0 | 243.48 | NOTE | |||
r-devel-windows-x86_64 | 1.3.0 | 22.00 | 162.00 | 184.00 | NOTE | |
r-patched-linux-x86_64 | 1.3.0 | 17.28 | 168.81 | 186.09 | NOTE | |
r-release-linux-x86_64 | 1.3.0 | 17.54 | 169.53 | 187.07 | NOTE | |
r-release-macos-arm64 | 1.3.0 | 86.00 | NOTE | |||
r-release-macos-x86_64 | 1.3.0 | 133.00 | NOTE | |||
r-release-windows-x86_64 | 1.3.0 | 22.00 | 199.00 | 221.00 | NOTE | |
r-oldrel-macos-arm64 | 1.3.0 | 66.00 | OK | |||
r-oldrel-macos-x86_64 | 1.3.0 | 89.00 | OK | |||
r-oldrel-windows-x86_64 | 1.3.0 | 23.00 | 188.00 | 211.00 | OK |
Version: 1.3.0
Check: C++ specification
Result: NOTE
Specified C++11: please drop specification unless essential
Flavors: r-devel-linux-x86_64-debian-clang, r-devel-linux-x86_64-debian-gcc, r-devel-linux-x86_64-fedora-clang, r-devel-linux-x86_64-fedora-gcc, r-devel-windows-x86_64, r-patched-linux-x86_64, r-release-linux-x86_64, r-release-macos-arm64, r-release-macos-x86_64, r-release-windows-x86_64
Version: 1.3.0
Check: data for non-ASCII characters
Result: NOTE
Note: found 24 marked UTF-8 strings
Flavors: r-devel-linux-x86_64-fedora-clang, r-devel-linux-x86_64-fedora-gcc