Last updated on 2024-04-18 12:53:05 CEST.
Flavor | Version | Tinstall | Tcheck | Ttotal | Status | Flags |
---|---|---|---|---|---|---|
r-devel-linux-x86_64-debian-clang | 1.3.1 | 20.31 | 185.31 | 205.62 | OK | |
r-devel-linux-x86_64-debian-gcc | 1.3.1 | 13.73 | 136.73 | 150.46 | OK | |
r-devel-linux-x86_64-fedora-clang | 1.3.1 | 258.73 | NOTE | |||
r-devel-linux-x86_64-fedora-gcc | 1.3.1 | 263.04 | NOTE | |||
r-prerel-macos-arm64 | 1.3.1 | 74.00 | ERROR | |||
r-prerel-macos-x86_64 | 1.3.1 | 177.00 | OK | |||
r-prerel-windows-x86_64 | 1.3.1 | 21.00 | 161.00 | 182.00 | OK | |
r-patched-linux-x86_64 | 1.3.1 | 20.46 | 178.19 | 198.65 | OK | |
r-release-linux-x86_64 | 1.3.1 | 18.00 | 179.90 | 197.90 | OK | |
r-release-macos-arm64 | 1.3.1 | 87.00 | OK | |||
r-release-macos-x86_64 | 1.3.1 | 156.00 | OK | |||
r-release-windows-x86_64 | 1.3.1 | 27.00 | 196.00 | 223.00 | OK | |
r-oldrel-macos-arm64 | 1.3.1 | 78.00 | OK | |||
r-oldrel-windows-x86_64 | 1.3.1 | 23.00 | 190.00 | 213.00 | OK |
Version: 1.3.1
Check: data for non-ASCII characters
Result: NOTE
Note: found 24 marked UTF-8 strings
Flavors: r-devel-linux-x86_64-fedora-clang, r-devel-linux-x86_64-fedora-gcc
Version: 1.3.1
Check: re-building of vignette outputs
Result: ERROR
Error(s) in re-building vignettes:
--- re-building ‘in-packages.Rmd’ using rmarkdown
--- finished re-building ‘in-packages.Rmd’
--- re-building ‘nest.Rmd’ using rmarkdown
--- finished re-building ‘nest.Rmd’
--- re-building ‘pivot.Rmd’ using rmarkdown
Quitting from lines 44-47 [setup] (pivot.Rmd)
Error: processing vignette 'pivot.Rmd' failed with diagnostics:
there is no package called 'readr'
--- failed re-building ‘pivot.Rmd’
--- re-building ‘programming.Rmd’ using rmarkdown
--- finished re-building ‘programming.Rmd’
--- re-building ‘rectangle.Rmd’ using rmarkdown
--- finished re-building ‘rectangle.Rmd’
--- re-building ‘tidy-data.Rmd’ using rmarkdown
--- finished re-building ‘tidy-data.Rmd’
SUMMARY: processing the following file failed:
‘pivot.Rmd’
Error: Vignette re-building failed.
Execution halted
Flavor: r-prerel-macos-arm64