CRAN Package Check Results for Package tidylog

Last updated on 2022-06-27 11:50:57 CEST.

Flavor Version Tinstall Tcheck Ttotal Status Flags
r-devel-linux-x86_64-debian-clang 1.0.2 6.73 85.58 92.31 NOTE
r-devel-linux-x86_64-debian-gcc 1.0.2 4.69 62.73 67.42 NOTE
r-devel-linux-x86_64-fedora-clang 1.0.2 114.46 NOTE
r-devel-linux-x86_64-fedora-gcc 1.0.2 112.16 NOTE
r-devel-windows-x86_64 1.0.2 44.00 112.00 156.00 NOTE
r-patched-linux-x86_64 1.0.2 6.88 77.49 84.37 NOTE
r-release-linux-x86_64 1.0.2 5.16 78.52 83.68 NOTE
r-release-macos-arm64 1.0.2 33.00 NOTE
r-release-macos-x86_64 1.0.2 57.00 NOTE
r-release-windows-x86_64 1.0.2 46.00 113.00 159.00 NOTE
r-oldrel-macos-arm64 1.0.2 40.00 NOTE
r-oldrel-macos-x86_64 1.0.2 61.00 NOTE
r-oldrel-windows-ix86+x86_64 1.0.2 15.00 103.00 118.00 NOTE

Check Details

Version: 1.0.2
Check: LazyData
Result: NOTE
     'LazyData' is specified without a 'data' directory
Flavors: r-devel-linux-x86_64-debian-clang, r-devel-linux-x86_64-debian-gcc, r-devel-linux-x86_64-fedora-clang, r-devel-linux-x86_64-fedora-gcc, r-devel-windows-x86_64, r-patched-linux-x86_64, r-release-linux-x86_64, r-release-macos-arm64, r-release-macos-x86_64, r-release-windows-x86_64, r-oldrel-macos-arm64, r-oldrel-macos-x86_64, r-oldrel-windows-ix86+x86_64