Last updated on 2024-03-28 09:51:59 CET.
Flavor | Version | Tinstall | Tcheck | Ttotal | Status | Flags |
---|---|---|---|---|---|---|
r-devel-linux-x86_64-debian-clang | 1.0.2 | 6.05 | 75.68 | 81.73 | NOTE | |
r-devel-linux-x86_64-debian-gcc | 1.0.2 | 3.79 | 57.15 | 60.94 | NOTE | |
r-devel-linux-x86_64-fedora-clang | 1.0.2 | 103.32 | NOTE | |||
r-devel-linux-x86_64-fedora-gcc | 1.0.2 | 112.41 | NOTE | |||
r-devel-windows-x86_64 | 1.0.2 | 6.00 | 85.00 | 91.00 | NOTE | |
r-patched-linux-x86_64 | 1.0.2 | 5.49 | 72.77 | 78.26 | NOTE | |
r-release-linux-x86_64 | 1.0.2 | 4.36 | 71.10 | 75.46 | NOTE | |
r-release-macos-arm64 | 1.0.2 | 42.00 | NOTE | |||
r-release-macos-x86_64 | 1.0.2 | 64.00 | NOTE | |||
r-release-windows-x86_64 | 1.0.2 | 10.00 | 96.00 | 106.00 | NOTE | |
r-oldrel-macos-arm64 | 1.0.2 | 33.00 | NOTE | |||
r-oldrel-windows-x86_64 | 1.0.2 | 10.00 | 100.00 | 110.00 | NOTE |
Version: 1.0.2
Check: LazyData
Result: NOTE
'LazyData' is specified without a 'data' directory
Flavors: r-devel-linux-x86_64-debian-clang, r-devel-linux-x86_64-debian-gcc, r-devel-linux-x86_64-fedora-clang, r-devel-linux-x86_64-fedora-gcc, r-devel-windows-x86_64, r-patched-linux-x86_64, r-release-linux-x86_64, r-release-macos-arm64, r-release-macos-x86_64, r-release-windows-x86_64, r-oldrel-macos-arm64, r-oldrel-windows-x86_64