Last updated on 2025-11-18 11:51:32 CET.
| Flavor | Version | Tinstall | Tcheck | Ttotal | Status | Flags |
|---|---|---|---|---|---|---|
| r-devel-linux-x86_64-debian-clang | 0.0.7 | 33.76 | 116.75 | 150.51 | OK | |
| r-devel-linux-x86_64-debian-gcc | 0.0.7 | 26.31 | 83.69 | 110.00 | OK | |
| r-devel-linux-x86_64-fedora-clang | 0.0.7 | 80.00 | 167.65 | 247.65 | OK | |
| r-devel-linux-x86_64-fedora-gcc | 0.0.7 | 88.00 | 159.01 | 247.01 | OK | |
| r-devel-windows-x86_64 | 0.0.7 | 52.00 | 141.00 | 193.00 | OK | |
| r-patched-linux-x86_64 | 0.0.5 | 42.11 | 109.32 | 151.43 | WARN | |
| r-release-linux-x86_64 | 0.0.5 | 39.45 | 111.28 | 150.73 | WARN | |
| r-release-macos-arm64 | 0.0.5 | 15.00 | 59.00 | 74.00 | OK | |
| r-release-macos-x86_64 | 0.0.7 | 34.00 | 133.00 | 167.00 | OK | |
| r-release-windows-x86_64 | 0.0.7 | 41.00 | 137.00 | 178.00 | OK | |
| r-oldrel-macos-arm64 | 0.0.5 | 17.00 | 57.00 | 74.00 | OK | |
| r-oldrel-macos-x86_64 | 0.0.7 | 35.00 | 125.00 | 160.00 | OK | |
| r-oldrel-windows-x86_64 | 0.0.7 | 39.00 | 155.00 | 194.00 | OK |
Version: 0.0.5
Check: whether package can be installed
Result: WARN
Found the following significant warnings:
sample_int.h:57:41: warning: ‘static out_eT arma::conv_to<out_eT>::from(const arma::Base<eT2, expr>&, const typename arma::arma_not_cx<in_eT>::result*) [with in_eT = double; T1 = arma::subview<double>; out_eT = double; typename arma::arma_not_cx<in_eT>::result = double]’ is deprecated: replace conv_to<...>::from(X) with as_scalar(X) [-Wdeprecated-declarations]
sample_int.h:86:41: warning: ‘static out_eT arma::conv_to<out_eT>::from(const arma::Base<eT2, expr>&, const typename arma::arma_not_cx<in_eT>::result*) [with in_eT = double; T1 = arma::subview<double>; out_eT = double; typename arma::arma_not_cx<in_eT>::result = double]’ is deprecated: replace conv_to<...>::from(X) with as_scalar(X) [-Wdeprecated-declarations]
See ‘/home/hornik/tmp/R.check/r-patched-gcc/Work/PKGS/tidylda.Rcheck/00install.out’ for details.
* used C compiler: ‘gcc-14 (Debian 14.3.0-10) 14.3.0’
* used C++ compiler: ‘g++-14 (Debian 14.3.0-10) 14.3.0’
Flavor: r-patched-linux-x86_64
Version: 0.0.5
Check: whether package can be installed
Result: WARN
Found the following significant warnings:
sample_int.h:57:41: warning: ‘static out_eT arma::conv_to<out_eT>::from(const arma::Base<eT2, expr>&, const typename arma::arma_not_cx<in_eT>::result*) [with in_eT = double; T1 = arma::subview<double>; out_eT = double; typename arma::arma_not_cx<in_eT>::result = double]’ is deprecated: replace conv_to<...>::from(X) with as_scalar(X) [-Wdeprecated-declarations]
sample_int.h:86:41: warning: ‘static out_eT arma::conv_to<out_eT>::from(const arma::Base<eT2, expr>&, const typename arma::arma_not_cx<in_eT>::result*) [with in_eT = double; T1 = arma::subview<double>; out_eT = double; typename arma::arma_not_cx<in_eT>::result = double]’ is deprecated: replace conv_to<...>::from(X) with as_scalar(X) [-Wdeprecated-declarations]
See ‘/home/hornik/tmp/R.check/r-release-gcc/Work/PKGS/tidylda.Rcheck/00install.out’ for details.
* used C compiler: ‘gcc-14 (Debian 14.3.0-10) 14.3.0’
* used C++ compiler: ‘g++-14 (Debian 14.3.0-10) 14.3.0’
Flavor: r-release-linux-x86_64