Last updated on 2023-10-03 12:08:54 CEST.
Flavor | Version | Tinstall | Tcheck | Ttotal | Status | Flags |
---|---|---|---|---|---|---|
r-devel-linux-x86_64-debian-clang | 1.2.3 | 15.43 | 94.76 | 110.19 | OK | |
r-devel-linux-x86_64-debian-gcc | 1.2.3 | 12.56 | 70.54 | 83.10 | OK | |
r-devel-linux-x86_64-fedora-clang | 1.2.3 | 137.56 | OK | |||
r-devel-linux-x86_64-fedora-gcc | 1.2.3 | 131.58 | OK | |||
r-devel-windows-x86_64 | 1.2.3 | 16.00 | 100.00 | 116.00 | OK | |
r-patched-linux-x86_64 | 1.2.3 | 19.70 | 89.90 | 109.60 | OK | |
r-release-linux-x86_64 | 1.2.3 | 16.01 | 90.80 | 106.81 | OK | |
r-release-macos-arm64 | 1.2.3 | 43.00 | OK | |||
r-release-macos-x86_64 | 1.2.3 | 64.00 | NOTE | |||
r-release-windows-x86_64 | 1.2.3 | 23.00 | 160.00 | 183.00 | OK | |
r-oldrel-macos-arm64 | 1.2.3 | 33.00 | OK | |||
r-oldrel-macos-x86_64 | 1.2.3 | 57.00 | OK | |||
r-oldrel-windows-x86_64 | 1.2.3 | 21.00 | 114.00 | 135.00 | OK |
Version: 1.2.3
Check: package dependencies
Result: NOTE
Package suggested but not available for checking: ‘graph’
Flavor: r-release-macos-x86_64