Last updated on 2023-09-29 12:57:12 CEST.
Flavor | Version | Tinstall | Tcheck | Ttotal | Status | Flags |
---|---|---|---|---|---|---|
r-devel-linux-x86_64-debian-clang | 0.5.7 | 6.52 | 70.45 | 76.97 | OK | |
r-devel-linux-x86_64-debian-gcc | 0.5.7 | 4.56 | 50.88 | 55.44 | OK | |
r-devel-linux-x86_64-fedora-clang | 0.5.7 | 88.85 | NOTE | |||
r-devel-linux-x86_64-fedora-gcc | 0.5.7 | 98.88 | OK | |||
r-devel-windows-x86_64 | 0.5.7 | 6.00 | 74.00 | 80.00 | OK | |
r-patched-linux-x86_64 | 0.5.7 | 6.76 | 61.16 | 67.92 | OK | |
r-release-linux-x86_64 | 0.5.7 | 5.62 | 61.85 | 67.47 | OK | |
r-release-macos-arm64 | 0.5.7 | 41.00 | OK | |||
r-release-macos-x86_64 | 0.5.7 | 56.00 | OK | |||
r-release-windows-x86_64 | 0.5.7 | 8.00 | 85.00 | 93.00 | OK | |
r-oldrel-macos-arm64 | 0.5.7 | 86.00 | OK | |||
r-oldrel-macos-x86_64 | 0.5.7 | 127.00 | OK | |||
r-oldrel-windows-x86_64 | 0.5.7 | 9.00 | 83.00 | 92.00 | OK |
Version: 0.5.7
Check: Rd cross-references
Result: NOTE
Undeclared packages ‘tidyfst’, ‘tidyr’, ‘fastDummies’ in Rd xrefs
Flavor: r-devel-linux-x86_64-fedora-clang