Last updated on 2025-05-06 12:49:52 CEST.
Flavor | Version | Tinstall | Tcheck | Ttotal | Status | Flags |
---|---|---|---|---|---|---|
r-devel-linux-x86_64-debian-clang | 1.8.1 | 6.49 | 113.21 | 119.70 | NOTE | |
r-devel-linux-x86_64-debian-gcc | 1.8.1 | 3.74 | 80.09 | 83.83 | NOTE | |
r-devel-linux-x86_64-fedora-clang | 1.8.1 | 175.48 | NOTE | |||
r-devel-linux-x86_64-fedora-gcc | 1.8.1 | 174.45 | NOTE | |||
r-devel-windows-x86_64 | 1.8.1 | 7.00 | 123.00 | 130.00 | NOTE | |
r-patched-linux-x86_64 | 1.8.1 | 5.95 | 98.32 | 104.27 | NOTE | |
r-release-linux-x86_64 | 1.8.1 | 5.76 | 95.67 | 101.43 | NOTE | |
r-release-macos-arm64 | 1.8.1 | 70.00 | NOTE | |||
r-release-macos-x86_64 | 1.8.1 | 133.00 | NOTE | |||
r-release-windows-x86_64 | 1.8.1 | 8.00 | 123.00 | 131.00 | NOTE | |
r-oldrel-macos-arm64 | 1.8.1 | 80.00 | OK | |||
r-oldrel-macos-x86_64 | 1.8.1 | 141.00 | OK | |||
r-oldrel-windows-x86_64 | 1.8.1 | 9.00 | 151.00 | 160.00 | OK |
Version: 1.8.1
Check: DESCRIPTION meta-information
Result: NOTE
Missing dependency on R >= 4.1.0 because package code uses the pipe
|> or function shorthand \(...) syntax added in R 4.1.0.
File(s) using such syntax:
‘import_fst_chunked.R’ ‘pkg_load.R’ ‘round0.R’
Flavors: r-devel-linux-x86_64-debian-clang, r-devel-linux-x86_64-debian-gcc, r-devel-linux-x86_64-fedora-clang, r-devel-linux-x86_64-fedora-gcc, r-devel-windows-x86_64, r-patched-linux-x86_64, r-release-linux-x86_64, r-release-macos-arm64, r-release-macos-x86_64, r-release-windows-x86_64