Last updated on 2024-04-18 12:53:05 CEST.
Flavor | Version | Tinstall | Tcheck | Ttotal | Status | Flags |
---|---|---|---|---|---|---|
r-devel-linux-x86_64-debian-clang | 1.7.8 | 6.19 | 123.86 | 130.05 | OK | |
r-devel-linux-x86_64-debian-gcc | 1.7.8 | 5.68 | 97.30 | 102.98 | OK | |
r-devel-linux-x86_64-fedora-clang | 1.7.8 | 178.80 | NOTE | |||
r-devel-linux-x86_64-fedora-gcc | 1.7.8 | 184.35 | OK | |||
r-prerel-macos-arm64 | 1.7.8 | 67.00 | OK | |||
r-prerel-macos-x86_64 | 1.7.8 | 160.00 | OK | |||
r-prerel-windows-x86_64 | 1.7.8 | 8.00 | 118.00 | 126.00 | OK | |
r-patched-linux-x86_64 | 1.7.8 | 9.27 | 125.09 | 134.36 | OK | |
r-release-linux-x86_64 | 1.7.7 | 5.59 | 122.20 | 127.79 | OK | |
r-release-macos-arm64 | 1.7.8 | 69.00 | OK | |||
r-release-macos-x86_64 | 1.7.8 | 122.00 | OK | |||
r-release-windows-x86_64 | 1.7.8 | 12.00 | 120.00 | 132.00 | OK | |
r-oldrel-macos-arm64 | 1.7.8 | 66.00 | OK | |||
r-oldrel-windows-x86_64 | 1.7.8 | 9.00 | 122.00 | 131.00 | OK |
Version: 1.7.8
Check: Rd cross-references
Result: NOTE
Undeclared packages ‘fastDummies’, ‘widyr’, ‘pacman’, ‘sjmisc’ in Rd xrefs
Flavor: r-devel-linux-x86_64-fedora-clang