Last updated on 2024-08-31 11:49:42 CEST.
Flavor | Version | Tinstall | Tcheck | Ttotal | Status | Flags |
---|---|---|---|---|---|---|
r-devel-linux-x86_64-debian-clang | 0.1.0 | 1.64 | 20.28 | 21.92 | OK | |
r-devel-linux-x86_64-debian-gcc | 0.1.0 | 1.29 | 16.02 | 17.31 | OK | |
r-devel-linux-x86_64-fedora-clang | 0.1.0 | 35.16 | NOTE | |||
r-devel-linux-x86_64-fedora-gcc | 0.1.0 | 33.81 | OK | |||
r-devel-windows-x86_64 | 0.1.0 | 3.00 | 40.00 | 43.00 | OK | |
r-patched-linux-x86_64 | 0.1.0 | 1.61 | 19.43 | 21.04 | OK | |
r-release-linux-x86_64 | 0.1.0 | 1.58 | 19.57 | 21.15 | OK | |
r-release-macos-arm64 | 0.1.0 | 18.00 | OK | |||
r-release-macos-x86_64 | 0.1.0 | 23.00 | OK | |||
r-release-windows-x86_64 | 0.1.0 | 5.00 | 46.00 | 51.00 | OK | |
r-oldrel-macos-arm64 | 0.1.0 | 17.00 | OK | |||
r-oldrel-macos-x86_64 | 0.1.0 | 21.00 | OK | |||
r-oldrel-windows-x86_64 | 0.1.0 | 3.00 | 45.00 | 48.00 | OK |
Version: 0.1.0
Check: Rd cross-references
Result: NOTE
Undeclared package ‘tidyselect’ in Rd xrefs
Flavor: r-devel-linux-x86_64-fedora-clang