Last updated on 2024-04-24 11:21:08 CEST.
Flavor | Version | Tinstall | Tcheck | Ttotal | Status | Flags |
---|---|---|---|---|---|---|
r-devel-linux-x86_64-debian-clang | 1.1.1 | 6.25 | 60.80 | 67.05 | OK | |
r-devel-linux-x86_64-debian-gcc | 1.1.1 | 5.23 | 45.43 | 50.66 | OK | |
r-devel-linux-x86_64-fedora-clang | 1.1.1 | 85.96 | NOTE | |||
r-devel-linux-x86_64-fedora-gcc | 1.1.1 | 97.48 | NOTE | |||
r-devel-windows-x86_64 | 1.1.1 | 7.00 | 65.00 | 72.00 | OK | |
r-patched-linux-x86_64 | 1.1.1 | 5.61 | 57.82 | 63.43 | OK | |
r-release-linux-x86_64 | 1.1.1 | 4.16 | 57.14 | 61.30 | OK | |
r-release-macos-arm64 | 1.1.1 | 34.00 | OK | |||
r-release-windows-x86_64 | 1.1.1 | 7.00 | 64.00 | 71.00 | OK | |
r-oldrel-macos-arm64 | 1.1.1 | 36.00 | OK | |||
r-oldrel-macos-x86_64 | 1.1.1 | 65.00 | OK | |||
r-oldrel-windows-x86_64 | 1.1.1 | 9.00 | 76.00 | 85.00 | OK |
Version: 1.1.1
Check: data for non-ASCII characters
Result: NOTE
Note: found 6 marked UTF-8 strings
Flavors: r-devel-linux-x86_64-fedora-clang, r-devel-linux-x86_64-fedora-gcc