CRAN Package Check Results for Package tidyestimate

Last updated on 2022-06-30 11:53:21 CEST.

Flavor Version Tinstall Tcheck Ttotal Status Flags
r-devel-linux-x86_64-debian-clang 1.1.0 7.78 63.47 71.25 OK
r-devel-linux-x86_64-debian-gcc 1.1.0 4.98 48.22 53.20 OK
r-devel-linux-x86_64-fedora-clang 1.1.0 93.71 NOTE
r-devel-linux-x86_64-fedora-gcc 1.1.0 91.80 NOTE
r-devel-windows-x86_64 1.1.0 25.00 97.00 122.00 OK
r-patched-linux-x86_64 1.1.0 5.22 59.31 64.53 OK
r-release-linux-x86_64 1.1.0 5.57 60.23 65.80 OK
r-release-macos-arm64 1.1.0 27.00 NOTE
r-release-macos-x86_64 1.1.0 52.00 NOTE
r-release-windows-x86_64 1.1.0 38.00 94.00 132.00 OK
r-oldrel-macos-arm64 1.1.0 28.00 NOTE
r-oldrel-macos-x86_64 1.1.0 38.00 NOTE
r-oldrel-windows-ix86+x86_64 1.1.0 16.00 88.00 104.00 OK

Check Details

Version: 1.1.0
Check: dependencies in R code
Result: NOTE
    Namespaces in Imports field not imported from:
     ‘grDevices’ ‘graphics’ ‘utils’
     All declared Imports should be used.
Flavors: r-devel-linux-x86_64-fedora-clang, r-devel-linux-x86_64-fedora-gcc, r-release-macos-arm64, r-release-macos-x86_64, r-oldrel-macos-arm64, r-oldrel-macos-x86_64

Version: 1.1.0
Check: data for non-ASCII characters
Result: NOTE
     Note: found 6 marked UTF-8 strings
Flavors: r-devel-linux-x86_64-fedora-clang, r-devel-linux-x86_64-fedora-gcc, r-release-macos-arm64, r-release-macos-x86_64, r-oldrel-macos-arm64, r-oldrel-macos-x86_64