Last updated on 2023-02-01 13:53:35 CET.
Flavor | Version | Tinstall | Tcheck | Ttotal | Status | Flags |
---|---|---|---|---|---|---|
r-devel-linux-x86_64-debian-clang | 0.1.1 | 3.95 | 41.36 | 45.31 | NOTE | |
r-devel-linux-x86_64-debian-gcc | 0.1.1 | 3.06 | 31.26 | 34.32 | NOTE | |
r-devel-linux-x86_64-fedora-clang | 0.1.1 | 56.54 | NOTE | |||
r-devel-linux-x86_64-fedora-gcc | 0.1.1 | 65.07 | NOTE | |||
r-devel-windows-x86_64 | 0.1.1 | 14.00 | 80.00 | 94.00 | NOTE | |
r-patched-linux-x86_64 | 0.1.1 | 3.46 | 42.32 | 45.78 | NOTE | |
r-release-linux-x86_64 | 0.1.1 | 2.50 | 42.01 | 44.51 | NOTE | |
r-release-macos-arm64 | 0.1.1 | 19.00 | NOTE | |||
r-release-macos-x86_64 | 0.1.1 | 37.00 | NOTE | |||
r-release-windows-x86_64 | 0.1.1 | 15.00 | 83.00 | 98.00 | NOTE | |
r-oldrel-macos-arm64 | 0.1.1 | 25.00 | NOTE | |||
r-oldrel-macos-x86_64 | 0.1.1 | 38.00 | NOTE | |||
r-oldrel-windows-ix86+x86_64 | 0.1.1 | 10.00 | 82.00 | 92.00 | WARN |
Version: 0.1.1
Check: LazyData
Result: NOTE
'LazyData' is specified without a 'data' directory
Flavors: r-devel-linux-x86_64-debian-clang, r-devel-linux-x86_64-debian-gcc, r-devel-linux-x86_64-fedora-clang, r-devel-linux-x86_64-fedora-gcc, r-devel-windows-x86_64, r-patched-linux-x86_64, r-release-linux-x86_64, r-release-macos-arm64, r-release-macos-x86_64, r-release-windows-x86_64, r-oldrel-macos-arm64, r-oldrel-macos-x86_64, r-oldrel-windows-ix86+x86_64
Version: 0.1.1
Check: for unstated dependencies in ‘tests’
Result: WARN
Warning: unable to access index for repository https://bioconductor.org/packages/3.14/bioc/src/contrib:
cannot open URL 'https://bioconductor.org/packages/3.14/bioc/src/contrib/PACKAGES'
Warning: unable to access index for repository https://bioconductor.org/packages/3.14/data/annotation/src/contrib:
cannot open URL 'https://bioconductor.org/packages/3.14/data/annotation/src/contrib/PACKAGES'
Warning: unable to access index for repository https://bioconductor.org/packages/3.14/data/experiment/src/contrib:
cannot open URL 'https://bioconductor.org/packages/3.14/data/experiment/src/contrib/PACKAGES'
Flavor: r-oldrel-windows-ix86+x86_64