CRAN Package Check Results for Package tidyboot

Last updated on 2022-06-26 11:52:46 CEST.

Flavor Version Tinstall Tcheck Ttotal Status Flags
r-devel-linux-x86_64-debian-clang 0.1.1 4.31 94.10 98.41 NOTE
r-devel-linux-x86_64-debian-gcc 0.1.1 3.89 69.98 73.87 NOTE
r-devel-linux-x86_64-fedora-clang 0.1.1 122.54 NOTE
r-devel-linux-x86_64-fedora-gcc 0.1.1 121.53 NOTE
r-devel-windows-x86_64 0.1.1 11.00 117.00 128.00 NOTE
r-patched-linux-x86_64 0.1.1 3.47 86.55 90.02 NOTE
r-release-linux-x86_64 0.1.1 3.75 88.06 91.81 NOTE
r-release-macos-arm64 0.1.1 30.00 NOTE
r-release-macos-x86_64 0.1.1 57.00 NOTE
r-release-windows-x86_64 0.1.1 14.00 119.00 133.00 NOTE
r-oldrel-macos-arm64 0.1.1 32.00 NOTE
r-oldrel-macos-x86_64 0.1.1 51.00 NOTE
r-oldrel-windows-ix86+x86_64 0.1.1 13.00 126.00 139.00 NOTE

Check Details

Version: 0.1.1
Check: LazyData
Result: NOTE
     'LazyData' is specified without a 'data' directory
Flavors: r-devel-linux-x86_64-debian-clang, r-devel-linux-x86_64-debian-gcc, r-devel-linux-x86_64-fedora-clang, r-devel-linux-x86_64-fedora-gcc, r-devel-windows-x86_64, r-patched-linux-x86_64, r-release-linux-x86_64, r-release-macos-arm64, r-release-macos-x86_64, r-release-windows-x86_64, r-oldrel-macos-arm64, r-oldrel-macos-x86_64, r-oldrel-windows-ix86+x86_64