Last updated on 2022-06-27 11:50:57 CEST.
Flavor | Version | Tinstall | Tcheck | Ttotal | Status | Flags |
---|---|---|---|---|---|---|
r-devel-linux-x86_64-debian-clang | 1.1.0 | 10.99 | 152.88 | 163.87 | OK | |
r-devel-linux-x86_64-debian-gcc | 1.1.0 | 7.19 | 108.97 | 116.16 | OK | |
r-devel-linux-x86_64-fedora-clang | 1.1.0 | 198.32 | NOTE | |||
r-devel-linux-x86_64-fedora-gcc | 1.1.0 | 209.80 | NOTE | |||
r-devel-windows-x86_64 | 1.1.0 | 39.00 | 185.00 | 224.00 | OK | |
r-patched-linux-x86_64 | 1.1.0 | 8.70 | 145.22 | 153.92 | OK | |
r-release-linux-x86_64 | 1.1.0 | 9.60 | 142.11 | 151.71 | OK | |
r-release-macos-arm64 | 1.1.0 | 54.00 | NOTE | |||
r-release-macos-x86_64 | 1.1.0 | 105.00 | NOTE | |||
r-release-windows-x86_64 | 1.1.0 | 55.00 | 185.00 | 240.00 | OK | |
r-oldrel-macos-arm64 | 1.1.0 | 67.00 | NOTE | |||
r-oldrel-macos-x86_64 | 1.1.0 | 73.00 | NOTE | |||
r-oldrel-windows-ix86+x86_64 | 1.1.0 | 28.00 | 234.00 | 262.00 | OK |
Version: 1.1.0
Check: dependencies in R code
Result: NOTE
Namespace in Imports field not imported from: ‘mix’
All declared Imports should be used.
Flavors: r-devel-linux-x86_64-fedora-clang, r-devel-linux-x86_64-fedora-gcc, r-release-macos-arm64, r-release-macos-x86_64, r-oldrel-macos-arm64, r-oldrel-macos-x86_64