Last updated on 2024-03-28 09:51:59 CET.
Flavor | Version | Tinstall | Tcheck | Ttotal | Status | Flags |
---|---|---|---|---|---|---|
r-devel-linux-x86_64-debian-clang | 0.1.1 | 5.70 | 107.34 | 113.04 | OK | |
r-devel-linux-x86_64-debian-gcc | 0.1.1 | 3.99 | 83.03 | 87.02 | OK | |
r-devel-linux-x86_64-fedora-clang | 0.1.1 | 138.35 | NOTE | |||
r-devel-linux-x86_64-fedora-gcc | 0.1.1 | 146.58 | NOTE | |||
r-devel-windows-x86_64 | 0.1.1 | 5.00 | 95.00 | 100.00 | OK | |
r-patched-linux-x86_64 | 0.1.1 | 4.17 | 102.18 | 106.35 | OK | |
r-release-linux-x86_64 | 0.1.1 | 3.76 | 102.79 | 106.55 | OK | |
r-release-macos-arm64 | 0.1.1 | 64.00 | OK | |||
r-release-macos-x86_64 | 0.1.1 | 110.00 | OK | |||
r-release-windows-x86_64 | 0.1.1 | 7.00 | 118.00 | 125.00 | OK | |
r-oldrel-macos-arm64 | 0.1.1 | 62.00 | OK | |||
r-oldrel-windows-x86_64 | 0.1.1 | 7.00 | 120.00 | 127.00 | OK |
Version: 0.1.1
Check: data for non-ASCII characters
Result: NOTE
Note: found 4546 marked UTF-8 strings
Flavors: r-devel-linux-x86_64-fedora-clang, r-devel-linux-x86_64-fedora-gcc