CRAN Package Check Results for Package tidyEdSurvey

Last updated on 2024-02-26 12:54:39 CET.

Flavor Version Tinstall Tcheck Ttotal Status Flags
r-devel-linux-x86_64-debian-clang 0.1.2 15.25 187.05 202.30 OK
r-devel-linux-x86_64-debian-gcc 0.1.2 11.60 143.16 154.76 OK
r-devel-linux-x86_64-fedora-clang 0.1.2 253.74 OK
r-devel-linux-x86_64-fedora-gcc 0.1.2 244.73 OK
r-devel-windows-x86_64 0.1.2 15.00 169.00 184.00 OK
r-patched-linux-x86_64 0.1.2 13.92 180.20 194.12 OK
r-release-linux-x86_64 0.1.2 15.54 182.27 197.81 OK
r-release-macos-arm64 0.1.2 76.00 OK
r-release-macos-x86_64 0.1.2 170.00 OK
r-release-windows-x86_64 0.1.2 20.00 192.00 212.00 OK
r-oldrel-macos-arm64 0.1.2 84.00 WARN
r-oldrel-windows-x86_64 0.1.2 20.00 187.00 207.00 WARN

Check Details

Version: 0.1.2
Check: S3 generic/method consistency
Result: WARN Warning: declared S3 method 'filter.edsurvey.data.frame' not found See section ‘Generic functions and methods’ in the ‘Writing R Extensions’ manual. Flavors: r-oldrel-macos-arm64, r-oldrel-windows-x86_64