Last updated on 2024-04-26 12:54:53 CEST.
Flavor | Version | Tinstall | Tcheck | Ttotal | Status | Flags |
---|---|---|---|---|---|---|
r-devel-linux-x86_64-debian-clang | 0.3.1 | 14.74 | 114.97 | 129.71 | NOTE | |
r-devel-linux-x86_64-debian-gcc | 0.3.1 | 13.20 | 81.75 | 94.95 | NOTE | |
r-devel-linux-x86_64-fedora-clang | 0.3.1 | 174.88 | NOTE | |||
r-devel-linux-x86_64-fedora-gcc | 0.3.1 | 168.80 | NOTE | |||
r-devel-windows-x86_64 | 0.3.1 | 24.00 | 106.00 | 130.00 | NOTE | |
r-patched-linux-x86_64 | 0.3.1 | 21.73 | 105.55 | 127.28 | OK | |
r-release-linux-x86_64 | 0.3.1 | 15.03 | 104.63 | 119.66 | OK | |
r-release-macos-arm64 | 0.3.1 | 48.00 | OK | |||
r-release-windows-x86_64 | 0.3.1 | 25.00 | 102.00 | 127.00 | OK | |
r-oldrel-macos-arm64 | 0.3.1 | 56.00 | OK | |||
r-oldrel-macos-x86_64 | 0.3.1 | 97.00 | OK | |||
r-oldrel-windows-x86_64 | 0.3.1 | 30.00 | 123.00 | 153.00 | OK |
Version: 0.3.1
Check: compiled code
Result: NOTE
File ‘tibblify/libs/tibblify.so’:
Found non-API calls to R: ‘SETLENGTH’, ‘SET_TRUELENGTH’
Compiled code should not call non-API entry points in R.
See ‘Writing portable packages’ in the ‘Writing R Extensions’ manual.
Flavor: r-devel-linux-x86_64-debian-clang
Version: 0.3.1
Check: compiled code
Result: NOTE
File ‘tibblify/libs/tibblify.so’:
Found non-API calls to R: ‘R_PromiseExpr’, ‘SETLENGTH’,
‘SET_TRUELENGTH’
Compiled code should not call non-API entry points in R.
See ‘Writing portable packages’ in the ‘Writing R Extensions’ manual.
Flavors: r-devel-linux-x86_64-debian-gcc, r-devel-linux-x86_64-fedora-clang, r-devel-linux-x86_64-fedora-gcc
Version: 0.3.1
Check: dependencies in R code
Result: NOTE
Namespace in Imports field not imported from: ‘lifecycle’
All declared Imports should be used.
Flavors: r-devel-linux-x86_64-fedora-clang, r-devel-linux-x86_64-fedora-gcc
Version: 0.3.1
Check: compiled code
Result: NOTE
File 'tibblify/libs/x64/tibblify.dll':
Found non-API calls to R: 'R_PromiseExpr', 'SETLENGTH',
'SET_TRUELENGTH'
Compiled code should not call non-API entry points in R.
See 'Writing portable packages' in the 'Writing R Extensions' manual.
Flavor: r-devel-windows-x86_64