Last updated on 2022-07-04 12:54:23 CEST.
Flavor | Version | Tinstall | Tcheck | Ttotal | Status | Flags |
---|---|---|---|---|---|---|
r-devel-linux-x86_64-debian-clang | 0.1.6 | 27.67 | 116.59 | 144.26 | WARN | |
r-devel-linux-x86_64-debian-gcc | 0.1.6 | 21.68 | 86.15 | 107.83 | OK | |
r-devel-linux-x86_64-fedora-clang | 0.1.6 | 189.35 | WARN | |||
r-devel-linux-x86_64-fedora-gcc | 0.1.6 | 178.98 | OK | |||
r-devel-windows-x86_64 | 0.1.6 | 37.00 | 170.00 | 207.00 | OK | |
r-patched-linux-x86_64 | 0.1.6 | 23.84 | 107.95 | 131.79 | OK | |
r-release-linux-x86_64 | 0.1.6 | 23.37 | 110.03 | 133.40 | OK | |
r-release-macos-arm64 | 0.1.6 | 50.00 | OK | |||
r-release-macos-x86_64 | 0.1.6 | 72.00 | OK | |||
r-release-windows-x86_64 | 0.1.6 | 91.00 | 181.00 | 272.00 | OK | |
r-oldrel-macos-arm64 | 0.1.6 | 56.00 | OK | |||
r-oldrel-macos-x86_64 | 0.1.6 | 119.00 | OK | |||
r-oldrel-windows-ix86+x86_64 | 0.1.6 | 71.00 | 202.00 | 273.00 | OK |
Version: 0.1.6
Check: whether package can be installed
Result: WARN
Found the following significant warnings:
sorted_range_search.cpp:34:7: warning: use of bitwise '|' with boolean operands [-Wbitwise-instead-of-logical]
Flavors: r-devel-linux-x86_64-debian-clang, r-devel-linux-x86_64-fedora-clang