Last updated on 2024-04-18 12:53:04 CEST.
Flavor | Version | Tinstall | Tcheck | Ttotal | Status | Flags |
---|---|---|---|---|---|---|
r-devel-linux-x86_64-debian-clang | 1.0.1 | 12.01 | 50.11 | 62.12 | NOTE | |
r-devel-linux-x86_64-debian-gcc | 1.0.1 | 12.21 | 37.97 | 50.18 | NOTE | |
r-devel-linux-x86_64-fedora-clang | 1.0.1 | 83.52 | NOTE | |||
r-devel-linux-x86_64-fedora-gcc | 1.0.1 | 82.74 | NOTE | |||
r-prerel-macos-arm64 | 1.0.1 | 29.00 | NOTE | |||
r-prerel-windows-x86_64 | 1.0.1 | 12.00 | 59.00 | 71.00 | NOTE | |
r-patched-linux-x86_64 | 1.0.1 | 9.64 | 47.44 | 57.08 | NOTE | |
r-release-linux-x86_64 | 1.0.1 | 9.54 | 47.61 | 57.15 | OK | |
r-release-macos-arm64 | 1.0.1 | 32.00 | OK | |||
r-release-macos-x86_64 | 1.0.1 | 49.00 | OK | |||
r-release-windows-x86_64 | 1.0.1 | 18.00 | 64.00 | 82.00 | OK | |
r-oldrel-macos-arm64 | 1.0.1 | 32.00 | NOTE | |||
r-oldrel-windows-x86_64 | 1.0.1 | 18.00 | 67.00 | 85.00 | OK |
Version: 1.0.1
Check: Rd \usage sections
Result: NOTE
Documented arguments not in \usage in Rd file 'witcher.Rd':
‘palettes’
Functions with \usage entries need to have the appropriate \alias
entries, and all their arguments documented.
The \usage entries must correspond to syntactically valid R code.
See chapter ‘Writing R documentation files’ in the ‘Writing R
Extensions’ manual.
Flavors: r-devel-linux-x86_64-debian-clang, r-devel-linux-x86_64-debian-gcc, r-devel-linux-x86_64-fedora-clang, r-devel-linux-x86_64-fedora-gcc, r-prerel-macos-arm64, r-prerel-windows-x86_64, r-patched-linux-x86_64
Version: 1.0.1
Check: dependencies in R code
Result: NOTE
Namespaces in Imports field not imported from:
‘MASS’ ‘readr’ ‘tidyverse’ ‘usethis’
All declared Imports should be used.
Flavors: r-devel-linux-x86_64-fedora-clang, r-devel-linux-x86_64-fedora-gcc, r-oldrel-macos-arm64