Last updated on 2025-04-29 12:52:52 CEST.
Flavor | Version | Tinstall | Tcheck | Ttotal | Status | Flags |
---|---|---|---|---|---|---|
r-devel-linux-x86_64-debian-clang | 1.0.2 | 4.68 | 33.22 | 37.90 | NOTE | |
r-devel-linux-x86_64-debian-gcc | 1.0.2 | 2.75 | 24.32 | 27.07 | NOTE | |
r-devel-linux-x86_64-fedora-clang | 1.0.2 | 61.16 | OK | |||
r-devel-linux-x86_64-fedora-gcc | 1.0.2 | 55.08 | OK | |||
r-devel-windows-x86_64 | 1.0.2 | 5.00 | 66.00 | 71.00 | OK | |
r-patched-linux-x86_64 | 1.0.2 | 5.57 | 31.39 | 36.96 | OK | |
r-release-linux-x86_64 | 1.0.2 | 4.72 | 30.86 | 35.58 | OK | |
r-release-macos-arm64 | 1.0.2 | 22.00 | OK | |||
r-release-macos-x86_64 | 1.0.2 | 35.00 | OK | |||
r-release-windows-x86_64 | 1.0.2 | 7.00 | 71.00 | 78.00 | OK | |
r-oldrel-macos-arm64 | 1.0.2 | 20.00 | OK | |||
r-oldrel-macos-x86_64 | 1.0.2 | 29.00 | OK | |||
r-oldrel-windows-x86_64 | 1.0.2 | 6.00 | 63.00 | 69.00 | OK |
Version: 1.0.2
Check: CRAN incoming feasibility
Result: NOTE
Maintainer: ‘Jose Gama <rxprtgama@gmail.com>’
Found the following (possibly) invalid file URIs:
URI: www.madur.com
From: man/RTDtemperatureFromResistance.Rd
URI: www.betatherm.com
From: man/ThermistorSlope.Rd
URI: www.betatherm.com
From: man/ThermistorSteinhartHartCoeffFromMeasurements.Rd
URI: www.betatherm.com
From: man/ThermistorVolumeResistivityFromR25.Rd
URI: www.betatherm.com
From: man/ThermistorVolumeResistivityFromRho.Rd
URI: www.conaxbuffalo.com
From: man/ThermocoupleLeadWireExternalResistanceUS.Rd
URI: www.madur.com
From: man/rtdResistivityAlpha.Rd
URI: www.phoenixcontact.com
From: man/thermocoupleExtensionCables.Rd
URI: www.tempco.com
From: man/thermocoupleWireColorUnitedStatesCanadaMexico.Rd
URI: www.conaxbuffalo.com
From: man/thermocoupleWireSizeResistanceImperial.Rd
Flavors: r-devel-linux-x86_64-debian-clang, r-devel-linux-x86_64-debian-gcc