Last updated on 2024-04-17 10:41:53 CEST.
Flavor | Version | Tinstall | Tcheck | Ttotal | Status | Flags |
---|---|---|---|---|---|---|
r-devel-linux-x86_64-debian-clang | 0.3.2 | 221.37 | 79.27 | 300.64 | NOTE | |
r-devel-linux-x86_64-debian-gcc | 0.3.2 | 175.18 | 57.04 | 232.22 | NOTE | |
r-devel-linux-x86_64-fedora-clang | 0.3.2 | 468.26 | NOTE | |||
r-devel-linux-x86_64-fedora-gcc | 0.3.2 | 491.15 | NOTE | |||
r-prerel-macos-arm64 | 0.3.2 | 76.00 | NOTE | |||
r-prerel-windows-x86_64 | 0.3.2 | 173.00 | 116.00 | 289.00 | NOTE | |
r-patched-linux-x86_64 | 0.3.2 | 212.10 | 76.36 | 288.46 | NOTE | |
r-release-linux-x86_64 | 0.3.2 | 235.45 | 77.20 | 312.65 | NOTE | |
r-release-macos-arm64 | 0.3.2 | 94.00 | NOTE | |||
r-release-macos-x86_64 | 0.3.2 | 178.00 | NOTE | |||
r-release-windows-x86_64 | 0.3.2 | 217.00 | 127.00 | 344.00 | NOTE | |
r-oldrel-macos-arm64 | 0.3.2 | 93.00 | NOTE | |||
r-oldrel-windows-x86_64 | 0.3.2 | 208.00 | 114.00 | 322.00 | OK |
Version: 0.3.2
Check: C++ specification
Result: NOTE
Specified C++11: please drop specification unless essential
Flavors: r-devel-linux-x86_64-debian-clang, r-devel-linux-x86_64-debian-gcc, r-devel-linux-x86_64-fedora-clang, r-devel-linux-x86_64-fedora-gcc, r-prerel-macos-arm64, r-prerel-windows-x86_64, r-patched-linux-x86_64, r-release-linux-x86_64, r-release-macos-arm64, r-release-macos-x86_64, r-release-windows-x86_64
Version: 0.3.2
Check: installed package size
Result: NOTE
installed size is 6.9Mb
sub-directories of 1Mb or more:
libs 6.1Mb
Flavors: r-prerel-macos-arm64, r-release-macos-arm64, r-release-macos-x86_64, r-oldrel-macos-arm64