CRAN Package Check Results for Package tfaddons

Last updated on 2022-07-02 12:53:16 CEST.

Flavor Version Tinstall Tcheck Ttotal Status Flags
r-devel-linux-x86_64-debian-clang 0.10.0 12.88 101.17 114.05 NOTE
r-devel-linux-x86_64-debian-gcc 0.10.0 9.69 76.47 86.16 NOTE
r-devel-linux-x86_64-fedora-clang 0.10.0 145.85 NOTE
r-devel-linux-x86_64-fedora-gcc 0.10.0 142.48 NOTE
r-devel-windows-x86_64 0.10.0 106.00 125.00 231.00 NOTE
r-patched-linux-x86_64 0.10.0 14.84 97.94 112.78 NOTE
r-release-linux-x86_64 0.10.0 8.57 97.22 105.79 NOTE
r-release-macos-arm64 0.10.0 39.00 NOTE
r-release-macos-x86_64 0.10.0 81.00 NOTE
r-release-windows-x86_64 0.10.0 112.00 151.00 263.00 NOTE
r-oldrel-macos-arm64 0.10.0 45.00 NOTE
r-oldrel-macos-x86_64 0.10.0 87.00 NOTE
r-oldrel-windows-ix86+x86_64 0.10.0 24.00 131.00 155.00 NOTE

Check Details

Version: 0.10.0
Check: LazyData
Result: NOTE
     'LazyData' is specified without a 'data' directory
Flavors: r-devel-linux-x86_64-debian-clang, r-devel-linux-x86_64-debian-gcc, r-devel-linux-x86_64-fedora-clang, r-devel-linux-x86_64-fedora-gcc, r-devel-windows-x86_64, r-patched-linux-x86_64, r-release-linux-x86_64, r-release-macos-arm64, r-release-macos-x86_64, r-release-windows-x86_64, r-oldrel-macos-arm64, r-oldrel-macos-x86_64, r-oldrel-windows-ix86+x86_64