Last updated on 2023-02-02 11:54:18 CET.
Flavor | Version | Tinstall | Tcheck | Ttotal | Status | Flags |
---|---|---|---|---|---|---|
r-devel-linux-x86_64-debian-clang | 0.10.0 | 10.56 | 107.31 | 117.87 | NOTE | |
r-devel-linux-x86_64-debian-gcc | 0.10.0 | 9.61 | 78.90 | 88.51 | NOTE | |
r-devel-linux-x86_64-fedora-clang | 0.10.0 | 147.01 | NOTE | |||
r-devel-linux-x86_64-fedora-gcc | 0.10.0 | 160.96 | NOTE | |||
r-patched-linux-x86_64 | 0.10.0 | 12.02 | 98.10 | 110.12 | NOTE | |
r-release-linux-x86_64 | 0.10.0 | 8.95 | 98.10 | 107.05 | NOTE | |
r-release-macos-arm64 | 0.10.0 | 39.00 | NOTE | |||
r-release-macos-x86_64 | 0.10.0 | 81.00 | NOTE | |||
r-release-windows-x86_64 | 0.10.0 | 103.00 | 163.00 | 266.00 | NOTE | |
r-oldrel-macos-arm64 | 0.10.0 | 45.00 | NOTE | |||
r-oldrel-macos-x86_64 | 0.10.0 | 87.00 | NOTE | |||
r-oldrel-windows-ix86+x86_64 | 0.10.0 | 27.00 | 136.00 | 163.00 | NOTE |
Version: 0.10.0
Check: LazyData
Result: NOTE
'LazyData' is specified without a 'data' directory
Flavors: r-devel-linux-x86_64-debian-clang, r-devel-linux-x86_64-debian-gcc, r-devel-linux-x86_64-fedora-clang, r-devel-linux-x86_64-fedora-gcc, r-patched-linux-x86_64, r-release-linux-x86_64, r-release-macos-arm64, r-release-macos-x86_64, r-release-windows-x86_64, r-oldrel-macos-arm64, r-oldrel-macos-x86_64, r-oldrel-windows-ix86+x86_64