Last updated on 2024-04-25 08:00:10 CEST.
Flavor | Version | Tinstall | Tcheck | Ttotal | Status | Flags |
---|---|---|---|---|---|---|
r-devel-linux-x86_64-debian-clang | 0.3.7 | 20.19 | 27.09 | 47.28 | NOTE | |
r-devel-linux-x86_64-debian-gcc | 0.3.7 | 14.50 | 20.66 | 35.16 | NOTE | |
r-devel-linux-x86_64-fedora-clang | 0.3.7 | 80.64 | NOTE | |||
r-devel-linux-x86_64-fedora-gcc | 0.3.7 | 79.98 | NOTE | |||
r-devel-windows-x86_64 | 0.3.7 | 23.00 | 65.00 | 88.00 | OK | |
r-patched-linux-x86_64 | 0.3.7 | 19.21 | 26.49 | 45.70 | OK | |
r-release-linux-x86_64 | 0.3.7 | 20.86 | 24.88 | 45.74 | OK | |
r-release-macos-arm64 | 0.3.7 | 32.00 | NOTE | |||
r-release-windows-x86_64 | 0.3.7 | 25.00 | 66.00 | 91.00 | OK | |
r-oldrel-macos-arm64 | 0.3.7 | 31.00 | NOTE | |||
r-oldrel-macos-x86_64 | 0.3.7 | 64.00 | NOTE | |||
r-oldrel-windows-x86_64 | 0.3.7 | 28.00 | 69.00 | 97.00 | OK |
Version: 0.3.7
Check: compiled code
Result: NOTE
File ‘textshaping/libs/textshaping.so’:
Found non-API calls to R: ‘SETLENGTH’, ‘SET_TRUELENGTH’
Compiled code should not call non-API entry points in R.
See ‘Writing portable packages’ in the ‘Writing R Extensions’ manual.
Flavors: r-devel-linux-x86_64-debian-clang, r-devel-linux-x86_64-debian-gcc, r-devel-linux-x86_64-fedora-clang, r-devel-linux-x86_64-fedora-gcc
Version: 0.3.7
Check: installed package size
Result: NOTE
installed size is 19.9Mb
sub-directories of 1Mb or more:
libs 19.7Mb
Flavors: r-release-macos-arm64, r-oldrel-macos-arm64, r-oldrel-macos-x86_64