CRAN Package Check Results for Package textplot

Last updated on 2022-06-28 12:52:39 CEST.

Flavor Version Tinstall Tcheck Ttotal Status Flags
r-devel-linux-x86_64-debian-clang 0.2.1 8.46 197.06 205.52 OK
r-devel-linux-x86_64-debian-gcc 0.2.1 7.25 165.65 172.90 OK
r-devel-linux-x86_64-fedora-clang 0.2.1 238.20 OK
r-devel-linux-x86_64-fedora-gcc 0.2.1 245.10 OK
r-devel-windows-x86_64 0.2.1 26.00 220.00 246.00 OK
r-patched-linux-x86_64 0.2.1 8.14 203.13 211.27 OK
r-release-linux-x86_64 0.2.1 6.86 204.65 211.51 OK
r-release-macos-arm64 0.2.1 76.00 NOTE
r-release-macos-x86_64 0.2.1 95.00 OK
r-release-windows-x86_64 0.2.1 25.00 220.00 245.00 OK
r-oldrel-macos-arm64 0.2.1 80.00 OK
r-oldrel-macos-x86_64 0.2.1 91.00 OK
r-oldrel-windows-ix86+x86_64 0.2.1 19.00 229.00 248.00 OK

Check Details

Version: 0.2.1
Check: package dependencies
Result: NOTE
    Packages suggested but not available for checking: 'graph', 'Rgraphviz'
Flavor: r-release-macos-arm64