Last updated on 2024-08-16 12:49:22 CEST.
Flavor | Version | Tinstall | Tcheck | Ttotal | Status | Flags |
---|---|---|---|---|---|---|
r-devel-linux-x86_64-debian-clang | 3.0.5 | 73.05 | 351.16 | 424.21 | NOTE | |
r-devel-linux-x86_64-debian-gcc | 3.0.5 | 47.84 | 265.97 | 313.81 | NOTE | |
r-devel-linux-x86_64-fedora-clang | 3.0.5 | 687.00 | NOTE | |||
r-devel-linux-x86_64-fedora-gcc | 3.0.5 | 752.64 | NOTE | |||
r-devel-windows-x86_64 | 3.0.5 | 74.00 | 397.00 | 471.00 | NOTE | |
r-patched-linux-x86_64 | 3.0.5 | 66.93 | 327.05 | 393.98 | NOTE | |
r-release-linux-x86_64 | 3.0.5 | 67.80 | 326.32 | 394.12 | NOTE | |
r-release-macos-arm64 | 3.0.5 | 193.00 | NOTE | |||
r-release-macos-x86_64 | 3.0.5 | 302.00 | NOTE | |||
r-release-windows-x86_64 | 3.0.5 | 75.00 | 398.00 | 473.00 | NOTE | |
r-oldrel-macos-arm64 | 3.0.5 | 229.00 | NOTE | |||
r-oldrel-macos-x86_64 | 3.0.5 | 363.00 | NOTE | |||
r-oldrel-windows-x86_64 | 3.0.5 | 89.00 | 477.00 | 566.00 | NOTE |
Version: 3.0.5
Check: C++ specification
Result: NOTE
Specified C++11: please drop specification unless essential
Flavors: r-devel-linux-x86_64-debian-clang, r-devel-linux-x86_64-debian-gcc, r-devel-linux-x86_64-fedora-clang, r-devel-linux-x86_64-fedora-gcc, r-devel-windows-x86_64, r-patched-linux-x86_64, r-release-linux-x86_64, r-release-macos-arm64, r-release-macos-x86_64, r-release-windows-x86_64, r-oldrel-macos-arm64, r-oldrel-macos-x86_64, r-oldrel-windows-x86_64
Version: 3.0.5
Check: Rd cross-references
Result: NOTE
Undeclared package ‘tm’ in Rd xrefs
Flavor: r-devel-linux-x86_64-fedora-clang
Version: 3.0.5
Check: installed package size
Result: NOTE
installed size is 5.1Mb
sub-directories of 1Mb or more:
libs 3.2Mb
Flavors: r-release-macos-arm64, r-release-macos-x86_64, r-oldrel-macos-arm64, r-oldrel-macos-x86_64