Last updated on 2025-04-29 12:52:52 CEST.
Flavor | Version | Tinstall | Tcheck | Ttotal | Status | Flags |
---|---|---|---|---|---|---|
r-devel-linux-x86_64-debian-clang | 0.1.4 | 4.78 | 16.77 | 21.55 | NOTE | |
r-devel-linux-x86_64-debian-gcc | 0.1.4 | 3.74 | 13.40 | 17.14 | NOTE | |
r-devel-linux-x86_64-fedora-clang | 0.1.4 | 34.86 | OK | |||
r-devel-linux-x86_64-fedora-gcc | 0.1.4 | 33.91 | OK | |||
r-devel-windows-x86_64 | 0.1.4 | 5.00 | 34.00 | 39.00 | OK | |
r-patched-linux-x86_64 | 0.1.4 | 4.50 | 15.85 | 20.35 | OK | |
r-release-linux-x86_64 | 0.1.4 | 4.47 | 16.14 | 20.61 | OK | |
r-release-macos-arm64 | 0.1.4 | 18.00 | OK | |||
r-release-macos-x86_64 | 0.1.4 | 27.00 | OK | |||
r-release-windows-x86_64 | 0.1.4 | 6.00 | 38.00 | 44.00 | OK | |
r-oldrel-macos-arm64 | 0.1.4 | 17.00 | NOTE | |||
r-oldrel-macos-x86_64 | 0.1.4 | 22.00 | NOTE | |||
r-oldrel-windows-x86_64 | 0.1.4 | 5.00 | 36.00 | 41.00 | NOTE |
Version: 0.1.4
Check: CRAN incoming feasibility
Result: NOTE
Maintainer: ‘Anh Bui <atbui@u.northwestern.edu>’
No Authors@R field in DESCRIPTION.
Please add one, modifying
Authors@R: c(person(given = "Anh",
family = "Bui",
role = c("aut", "cre"),
email = "atbui@u.northwestern.edu"),
person(given = "Daniel",
family = "Apley",
role = "ths"))
as necessary.
Problems when reading CITATION file:
It is recommended to use ‘given’ instead of ‘middle’.
Flavors: r-devel-linux-x86_64-debian-clang, r-devel-linux-x86_64-debian-gcc
Version: 0.1.4
Check: installed package size
Result: NOTE
installed size is 6.2Mb
sub-directories of 1Mb or more:
data 6.1Mb
Flavors: r-oldrel-macos-arm64, r-oldrel-macos-x86_64, r-oldrel-windows-x86_64