CRAN Package Check Results for Package textclean

Last updated on 2022-11-29 09:52:28 CET.

Flavor Version Tinstall Tcheck Ttotal Status Flags
r-devel-linux-x86_64-debian-clang 0.9.3 11.76 53.03 64.79 OK
r-devel-linux-x86_64-debian-gcc 0.9.3 11.43 40.33 51.76 OK
r-devel-linux-x86_64-fedora-clang 0.9.3 94.15 NOTE
r-devel-linux-x86_64-fedora-gcc 0.9.3 91.07 NOTE
r-devel-windows-x86_64 0.9.3 38.00 87.00 125.00 OK
r-patched-linux-x86_64 0.9.3 10.56 48.31 58.87 OK
r-release-linux-x86_64 0.9.3 10.83 48.05 58.88 OK
r-release-macos-arm64 0.9.3 34.00 NOTE
r-release-macos-x86_64 0.9.3 47.00 NOTE
r-release-windows-x86_64 0.9.3 45.00 80.00 125.00 OK
r-oldrel-macos-arm64 0.9.3 41.00 NOTE
r-oldrel-macos-x86_64 0.9.3 55.00 NOTE
r-oldrel-windows-ix86+x86_64 0.9.3 24.00 71.00 95.00 OK

Check Details

Version: 0.9.3
Check: dependencies in R code
Result: NOTE
    Namespace in Imports field not imported from: ‘lexicon’
     All declared Imports should be used.
Flavors: r-devel-linux-x86_64-fedora-clang, r-devel-linux-x86_64-fedora-gcc, r-release-macos-arm64, r-release-macos-x86_64, r-oldrel-macos-arm64, r-oldrel-macos-x86_64

Version: 0.9.3
Check: Rd cross-references
Result: NOTE
    Undeclared package ‘gsubfn’ in Rd xrefs
Flavor: r-devel-linux-x86_64-fedora-clang