Last updated on 2024-04-19 11:57:03 CEST.
Flavor | Version | Tinstall | Tcheck | Ttotal | Status | Flags |
---|---|---|---|---|---|---|
r-devel-linux-x86_64-debian-clang | 0.1.0 | 14.22 | 43.16 | 57.38 | NOTE | |
r-devel-linux-x86_64-debian-gcc | 0.1.0 | NOTE | ||||
r-devel-linux-x86_64-fedora-clang | 0.1.0 | 78.45 | NOTE | |||
r-devel-linux-x86_64-fedora-gcc | 0.1.0 | 76.22 | NOTE | |||
r-prerel-macos-arm64 | 0.1.0 | 30.00 | NOTE | |||
r-prerel-windows-x86_64 | 0.1.0 | 14.00 | 61.00 | 75.00 | NOTE | |
r-patched-linux-x86_64 | 0.1.0 | 15.43 | 43.15 | 58.58 | NOTE | |
r-release-linux-x86_64 | 0.1.0 | 13.90 | 42.54 | 56.44 | NOTE | |
r-release-macos-arm64 | 0.1.0 | 32.00 | NOTE | |||
r-release-macos-x86_64 | 0.1.0 | 45.00 | NOTE | |||
r-release-windows-x86_64 | 0.1.0 | 13.00 | 66.00 | 79.00 | NOTE | |
r-oldrel-macos-arm64 | 0.1.0 | 32.00 | NOTE | |||
r-oldrel-windows-x86_64 | 0.1.0 | 19.00 | 64.00 | 83.00 | NOTE |
Version: 0.1.0
Check: LazyData
Result: NOTE
'LazyData' is specified without a 'data' directory
Flavors: r-devel-linux-x86_64-debian-clang, r-devel-linux-x86_64-debian-gcc, r-devel-linux-x86_64-fedora-clang, r-devel-linux-x86_64-fedora-gcc, r-prerel-macos-arm64, r-prerel-windows-x86_64, r-patched-linux-x86_64, r-release-linux-x86_64, r-release-macos-arm64, r-release-macos-x86_64, r-release-windows-x86_64, r-oldrel-macos-arm64, r-oldrel-windows-x86_64