CRAN Package Check Results for Package textTools

Last updated on 2022-07-03 11:53:51 CEST.

Flavor Version Tinstall Tcheck Ttotal Status Flags
r-devel-linux-x86_64-debian-clang 0.1.0 14.49 43.70 58.19 NOTE
r-devel-linux-x86_64-debian-gcc 0.1.0 13.63 32.69 46.32 NOTE
r-devel-linux-x86_64-fedora-clang 0.1.0 83.74 NOTE
r-devel-linux-x86_64-fedora-gcc 0.1.0 80.82 NOTE
r-devel-windows-x86_64 0.1.0 59.00 72.00 131.00 NOTE
r-patched-linux-x86_64 0.1.0 16.07 41.00 57.07 NOTE
r-release-linux-x86_64 0.1.0 13.52 40.28 53.80 NOTE
r-release-macos-arm64 0.1.0 30.00 NOTE
r-release-macos-x86_64 0.1.0 38.00 NOTE
r-release-windows-x86_64 0.1.0 59.00 71.00 130.00 NOTE
r-oldrel-macos-arm64 0.1.0 37.00 NOTE
r-oldrel-macos-x86_64 0.1.0 51.00 NOTE
r-oldrel-windows-ix86+x86_64 0.1.0 24.00 67.00 91.00 NOTE

Check Details

Version: 0.1.0
Check: LazyData
Result: NOTE
     'LazyData' is specified without a 'data' directory
Flavors: r-devel-linux-x86_64-debian-clang, r-devel-linux-x86_64-debian-gcc, r-devel-linux-x86_64-fedora-clang, r-devel-linux-x86_64-fedora-gcc, r-devel-windows-x86_64, r-patched-linux-x86_64, r-release-linux-x86_64, r-release-macos-arm64, r-release-macos-x86_64, r-release-windows-x86_64, r-oldrel-macos-arm64, r-oldrel-macos-x86_64, r-oldrel-windows-ix86+x86_64