Last updated on 2024-03-28 09:51:59 CET.
Flavor | Version | Tinstall | Tcheck | Ttotal | Status | Flags |
---|---|---|---|---|---|---|
r-devel-linux-x86_64-debian-clang | 1.1.1 | 11.35 | 324.93 | 336.28 | OK | |
r-devel-linux-x86_64-debian-gcc | 1.1.1 | 8.40 | 289.22 | 297.62 | OK | |
r-devel-linux-x86_64-fedora-clang | 1.1.1 | 486.18 | NOTE | |||
r-devel-linux-x86_64-fedora-gcc | 1.1.1 | 453.78 | NOTE | |||
r-devel-windows-x86_64 | 1.1.1 | 10.00 | 221.00 | 231.00 | OK | |
r-patched-linux-x86_64 | 1.1.1 | 12.79 | 381.50 | 394.29 | OK | |
r-release-linux-x86_64 | 1.1.1 | 6.88 | 372.60 | 379.48 | OK | |
r-release-macos-arm64 | 1.1.1 | 129.00 | OK | |||
r-release-macos-x86_64 | 1.1.1 | 247.00 | OK | |||
r-release-windows-x86_64 | 1.1.1 | 13.00 | 298.00 | 311.00 | OK | |
r-oldrel-macos-arm64 | 1.1.1 | 88.00 | OK | |||
r-oldrel-windows-x86_64 | 1.1.1 | 14.00 | 296.00 | 310.00 | OK |
Version: 1.1.1
Check: data for non-ASCII characters
Result: NOTE
Note: found 37 marked UTF-8 strings
Flavors: r-devel-linux-x86_64-fedora-clang, r-devel-linux-x86_64-fedora-gcc