Last updated on 2024-04-17 10:41:53 CEST.
Flavor | Version | Tinstall | Tcheck | Ttotal | Status | Flags |
---|---|---|---|---|---|---|
r-devel-linux-x86_64-debian-clang | 0.2.0 | 21.87 | 184.12 | 205.99 | OK | |
r-devel-linux-x86_64-debian-gcc | 0.2.0 | 13.19 | 133.38 | 146.57 | OK | |
r-devel-linux-x86_64-fedora-clang | 0.2.0 | 257.69 | NOTE | |||
r-devel-linux-x86_64-fedora-gcc | 0.2.0 | 245.18 | OK | |||
r-prerel-macos-arm64 | 0.2.0 | 65.00 | OK | |||
r-prerel-macos-x86_64 | 0.2.0 | 172.00 | OK | |||
r-prerel-windows-x86_64 | 0.2.0 | 16.00 | 142.00 | 158.00 | OK | |
r-patched-linux-x86_64 | 0.1.9 | 14.09 | 170.49 | 184.58 | OK | |
r-release-linux-x86_64 | 0.2.0 | 13.12 | 174.29 | 187.41 | OK | |
r-release-macos-arm64 | 0.2.0 | 76.00 | OK | |||
r-release-macos-x86_64 | 0.2.0 | 167.00 | OK | |||
r-release-windows-x86_64 | 0.2.0 | 19.00 | 148.00 | 167.00 | OK | |
r-oldrel-macos-arm64 | 0.2.0 | 71.00 | OK | |||
r-oldrel-windows-x86_64 | 0.2.0 | 25.00 | 158.00 | 183.00 | OK |
Version: 0.2.0
Check: whether startup messages can be suppressed
Result: NOTE
OMP: Warning #96: Cannot form a team with 24 threads, using 2 instead.
OMP: Hint Consider unsetting KMP_DEVICE_THREAD_LIMIT (KMP_ALL_THREADS), KMP_TEAMS_THREAD_LIMIT, and OMP_THREAD_LIMIT (if any are set).
It looks like this package (or a package it requires) has a startup
message which cannot be suppressed: see ?packageStartupMessage.
Flavor: r-devel-linux-x86_64-fedora-clang