Last updated on 2024-08-16 12:49:22 CEST.
Flavor | Version | Tinstall | Tcheck | Ttotal | Status | Flags |
---|---|---|---|---|---|---|
r-devel-linux-x86_64-debian-clang | 1.3.0 | 4.66 | 38.30 | 42.96 | NOTE | |
r-devel-linux-x86_64-debian-gcc | 1.3.0 | 2.92 | 28.98 | 31.90 | NOTE | |
r-devel-linux-x86_64-fedora-clang | 1.3.0 | 74.29 | NOTE | |||
r-devel-linux-x86_64-fedora-gcc | 1.3.0 | 81.51 | NOTE | |||
r-devel-windows-x86_64 | 1.3.0 | 7.00 | 62.00 | 69.00 | NOTE | |
r-patched-linux-x86_64 | 1.3.0 | 4.88 | 36.29 | 41.17 | NOTE | |
r-release-linux-x86_64 | 1.3.0 | 4.36 | 36.80 | 41.16 | NOTE | |
r-release-macos-arm64 | 1.3.0 | 29.00 | NOTE | |||
r-release-macos-x86_64 | 1.3.0 | 45.00 | NOTE | |||
r-release-windows-x86_64 | 1.3.0 | 8.00 | 63.00 | 71.00 | NOTE | |
r-oldrel-macos-arm64 | 1.3.0 | 33.00 | OK | |||
r-oldrel-macos-x86_64 | 1.3.0 | 69.00 | OK | |||
r-oldrel-windows-x86_64 | 1.3.0 | 8.00 | 66.00 | 74.00 | OK |
Version: 1.3.0
Check: Rd files
Result: NOTE
checkRd: (-1) patch_table_env.Rd:25: Lost braces
25 | \\renewcommand{\\multicolumnx}[3]{\\multicolumn{#1}{c}{#3}}
| ^
checkRd: (-1) patch_table_env.Rd:25: Lost braces
25 | \\renewcommand{\\multicolumnx}[3]{\\multicolumn{#1}{c}{#3}}
| ^
checkRd: (-1) patch_table_env.Rd:25: Lost braces
25 | \\renewcommand{\\multicolumnx}[3]{\\multicolumn{#1}{c}{#3}}
| ^
checkRd: (-1) patch_table_env.Rd:25: Lost braces
25 | \\renewcommand{\\multicolumnx}[3]{\\multicolumn{#1}{c}{#3}}
| ^
checkRd: (-1) patch_table_env.Rd:25: Lost braces
25 | \\renewcommand{\\multicolumnx}[3]{\\multicolumn{#1}{c}{#3}}
| ^
Flavors: r-devel-linux-x86_64-debian-clang, r-devel-linux-x86_64-debian-gcc, r-devel-linux-x86_64-fedora-clang, r-devel-linux-x86_64-fedora-gcc, r-devel-windows-x86_64, r-patched-linux-x86_64, r-release-linux-x86_64, r-release-macos-arm64, r-release-macos-x86_64, r-release-windows-x86_64