Last updated on 2023-01-27 11:49:41 CET.
Flavor | Version | Tinstall | Tcheck | Ttotal | Status | Flags |
---|---|---|---|---|---|---|
r-devel-linux-x86_64-debian-clang | 0.2.0 | 60.97 | 123.81 | 184.78 | OK | |
r-devel-linux-x86_64-debian-gcc | 0.2.0 | 52.31 | 89.93 | 142.24 | OK | |
r-devel-linux-x86_64-fedora-clang | 0.2.0 | 254.83 | NOTE | |||
r-devel-linux-x86_64-fedora-gcc | 0.2.0 | 229.68 | NOTE | |||
r-patched-linux-x86_64 | 0.2.0 | 54.34 | 117.37 | 171.71 | OK | |
r-release-linux-x86_64 | 0.2.0 | 42.28 | 115.84 | 158.12 | OK | |
r-release-macos-arm64 | 0.2.0 | 64.00 | OK | |||
r-release-macos-x86_64 | 0.2.0 | 103.00 | OK | |||
r-release-windows-x86_64 | 0.2.0 | 82.00 | 163.00 | 245.00 | OK | |
r-oldrel-macos-arm64 | 0.2.0 | 65.00 | OK | |||
r-oldrel-macos-x86_64 | 0.2.0 | 106.00 | OK | |||
r-oldrel-windows-ix86+x86_64 | 0.2.0 | 149.00 | 199.00 | 348.00 | OK |
Version: 0.2.0
Check: compiled code
Result: NOTE
File ‘testforDEP/libs/testforDEP.so’:
Found no calls to: ‘R_registerRoutines’, ‘R_useDynamicSymbols’
It is good practice to register native routines and to disable symbol
search.
See ‘Writing portable packages’ in the ‘Writing R Extensions’ manual.
Flavors: r-devel-linux-x86_64-fedora-clang, r-devel-linux-x86_64-fedora-gcc