CRAN Package Check Results for Package testcorr

Last updated on 2022-07-01 11:52:13 CEST.

Flavor Version Tinstall Tcheck Ttotal Status Flags
r-devel-linux-x86_64-debian-clang 0.2.0 6.96 82.82 89.78 OK
r-devel-linux-x86_64-debian-gcc 0.2.0 5.25 62.22 67.47 OK
r-devel-linux-x86_64-fedora-clang 0.2.0 133.97 NOTE
r-devel-linux-x86_64-fedora-gcc 0.2.0 133.75 NOTE
r-devel-windows-x86_64 0.2.0 19.00 128.00 147.00 OK
r-patched-linux-x86_64 0.2.0 7.46 78.42 85.88 OK
r-release-linux-x86_64 0.2.0 7.88 79.71 87.59 OK
r-release-macos-arm64 0.2.0 59.00 OK
r-release-macos-x86_64 0.2.0 75.00 OK
r-release-windows-x86_64 0.2.0 21.00 133.00 154.00 OK
r-oldrel-macos-arm64 0.2.0 46.00 OK
r-oldrel-macos-x86_64 0.2.0 82.00 OK
r-oldrel-windows-ix86+x86_64 0.2.0 18.00 107.00 125.00 OK

Check Details

Version: 0.2.0
Check: for detritus in the temp directory
Result: NOTE
    Found the following files/directories:
     ‘par-7269706c6579’
Flavors: r-devel-linux-x86_64-fedora-clang, r-devel-linux-x86_64-fedora-gcc