Last updated on 2024-04-18 12:53:04 CEST.
Flavor | Version | Tinstall | Tcheck | Ttotal | Status | Flags |
---|---|---|---|---|---|---|
r-devel-linux-x86_64-debian-clang | 0.2.0 | 7.70 | 79.85 | 87.55 | OK | |
r-devel-linux-x86_64-debian-gcc | 0.2.0 | 5.47 | 60.14 | 65.61 | OK | |
r-devel-linux-x86_64-fedora-clang | 0.2.0 | 131.41 | NOTE | |||
r-devel-linux-x86_64-fedora-gcc | 0.2.0 | 142.63 | NOTE | |||
r-prerel-macos-arm64 | 0.2.0 | 66.00 | OK | |||
r-prerel-windows-x86_64 | 0.2.0 | 8.00 | 96.00 | 104.00 | OK | |
r-patched-linux-x86_64 | 0.2.0 | 6.90 | 74.93 | 81.83 | OK | |
r-release-linux-x86_64 | 0.2.0 | 6.22 | 77.32 | 83.54 | OK | |
r-release-macos-arm64 | 0.2.0 | 52.00 | OK | |||
r-release-macos-x86_64 | 0.2.0 | 89.00 | OK | |||
r-release-windows-x86_64 | 0.2.0 | 9.00 | 100.00 | 109.00 | OK | |
r-oldrel-macos-arm64 | 0.2.0 | 59.00 | OK | |||
r-oldrel-windows-x86_64 | 0.2.0 | 10.00 | 106.00 | 116.00 | OK |
Version: 0.2.0
Check: for detritus in the temp directory
Result: NOTE
Found the following files/directories:
‘par-7269706c6579’
Flavors: r-devel-linux-x86_64-fedora-clang, r-devel-linux-x86_64-fedora-gcc