Last updated on 2023-01-28 12:56:26 CET.
Flavor | Version | Tinstall | Tcheck | Ttotal | Status | Flags |
---|---|---|---|---|---|---|
r-devel-linux-x86_64-debian-clang | 0.1.1 | 16.50 | 106.39 | 122.89 | NOTE | |
r-devel-linux-x86_64-debian-gcc | 0.1.1 | 13.55 | 79.98 | 93.53 | NOTE | |
r-devel-linux-x86_64-fedora-clang | 0.1.1 | 158.20 | NOTE | |||
r-devel-linux-x86_64-fedora-gcc | 0.1.1 | 162.68 | NOTE | |||
r-patched-linux-x86_64 | 0.1.1 | 16.14 | 99.61 | 115.75 | NOTE | |
r-release-linux-x86_64 | 0.1.1 | 17.65 | 99.84 | 117.49 | NOTE | |
r-release-macos-arm64 | 0.1.1 | 39.00 | NOTE | |||
r-release-macos-x86_64 | 0.1.1 | 59.00 | NOTE | |||
r-release-windows-x86_64 | 0.1.1 | 65.00 | 137.00 | 202.00 | NOTE | |
r-oldrel-macos-arm64 | 0.1.1 | 47.00 | NOTE | |||
r-oldrel-macos-x86_64 | 0.1.1 | 82.00 | NOTE | |||
r-oldrel-windows-ix86+x86_64 | 0.1.1 | 33.00 | 127.00 | 160.00 | NOTE |
Version: 0.1.1
Check: LazyData
Result: NOTE
'LazyData' is specified without a 'data' directory
Flavors: r-devel-linux-x86_64-debian-clang, r-devel-linux-x86_64-debian-gcc, r-devel-linux-x86_64-fedora-clang, r-devel-linux-x86_64-fedora-gcc, r-patched-linux-x86_64, r-release-linux-x86_64, r-release-macos-arm64, r-release-macos-x86_64, r-release-windows-x86_64, r-oldrel-macos-arm64, r-oldrel-macos-x86_64, r-oldrel-windows-ix86+x86_64