Last updated on 2024-05-02 12:51:09 CEST.
Flavor | Version | Tinstall | Tcheck | Ttotal | Status | Flags |
---|---|---|---|---|---|---|
r-devel-linux-x86_64-debian-clang | 0.4.2 | 6.14 | 83.01 | 89.15 | OK | |
r-devel-linux-x86_64-debian-gcc | 0.4.2 | 4.41 | 60.31 | 64.72 | OK | |
r-devel-linux-x86_64-fedora-clang | 0.4.2 | 133.08 | NOTE | |||
r-devel-linux-x86_64-fedora-gcc | 0.4.2 | 138.73 | NOTE | |||
r-devel-windows-x86_64 | 0.4.2 | 8.00 | 85.00 | 93.00 | OK | |
r-patched-linux-x86_64 | 0.4.2 | 6.79 | 77.96 | 84.75 | OK | |
r-release-linux-x86_64 | 0.4.2 | 5.31 | 75.86 | 81.17 | OK | |
r-release-macos-arm64 | 0.4.2 | 49.00 | OK | |||
r-release-windows-x86_64 | 0.4.2 | 7.00 | 85.00 | 92.00 | OK | |
r-oldrel-macos-arm64 | 0.4.2 | 80.00 | OK | |||
r-oldrel-macos-x86_64 | 0.4.2 | 100.00 | OK | |||
r-oldrel-windows-x86_64 | 0.4.2 | 9.00 | 97.00 | 106.00 | OK |
Version: 0.4.2
Check: for detritus in the temp directory
Result: NOTE
Found the following files/directories:
‘Crashpad’
Flavors: r-devel-linux-x86_64-fedora-clang, r-devel-linux-x86_64-fedora-gcc