Last updated on 2024-08-31 11:49:42 CEST.
Flavor | Version | Tinstall | Tcheck | Ttotal | Status | Flags |
---|---|---|---|---|---|---|
r-devel-linux-x86_64-debian-clang | 0.5.1 | 19.83 | 139.97 | 159.80 | OK | |
r-devel-linux-x86_64-debian-gcc | 0.5.1 | 12.70 | 100.02 | 112.72 | OK | |
r-devel-linux-x86_64-fedora-clang | 0.5.1 | 257.18 | NOTE | |||
r-devel-linux-x86_64-fedora-gcc | 0.5.1 | 249.13 | OK | |||
r-devel-windows-x86_64 | 0.5.1 | 19.00 | 174.00 | 193.00 | OK | |
r-patched-linux-x86_64 | 0.5.1 | 22.01 | 132.51 | 154.52 | OK | |
r-release-linux-x86_64 | 0.5.1 | 18.99 | 131.95 | 150.94 | OK | |
r-release-macos-arm64 | 0.5.1 | 82.00 | OK | |||
r-release-macos-x86_64 | 0.5.1 | 121.00 | OK | |||
r-release-windows-x86_64 | 0.5.1 | 20.00 | 185.00 | 205.00 | OK | |
r-oldrel-macos-arm64 | 0.5.1 | 84.00 | OK | |||
r-oldrel-macos-x86_64 | 0.5.1 | 181.00 | OK | |||
r-oldrel-windows-x86_64 | 0.5.1 | 27.00 | 215.00 | 242.00 | OK |
Version: 0.5.1
Check: Rd cross-references
Result: NOTE
Undeclared package ‘teal’ in Rd xrefs
Flavor: r-devel-linux-x86_64-fedora-clang